Last updated on 2025-11-16 18:49:40 CET.
| Flavor | Version | Tinstall | Tcheck | Ttotal | Status | Flags |
|---|---|---|---|---|---|---|
| r-devel-linux-x86_64-debian-clang | 1.1 | 28.72 | 160.06 | 188.78 | OK | |
| r-devel-linux-x86_64-debian-gcc | 1.1 | 20.72 | 120.73 | 141.45 | OK | |
| r-devel-linux-x86_64-fedora-clang | 1.1 | 63.00 | 237.18 | 300.18 | OK | |
| r-devel-linux-x86_64-fedora-gcc | 1.1 | 61.00 | 244.98 | 305.98 | OK | |
| r-devel-windows-x86_64 | 1.1 | 34.00 | 283.00 | 317.00 | OK | |
| r-patched-linux-x86_64 | 1.1 | 28.64 | 154.09 | 182.73 | OK | |
| r-release-linux-x86_64 | 1.1 | 29.14 | 156.94 | 186.08 | OK | |
| r-release-macos-arm64 | 1.1 | 18.00 | 394.00 | 412.00 | OK | |
| r-release-macos-x86_64 | 1.1 | 48.00 | 665.00 | 713.00 | OK | |
| r-release-windows-x86_64 | 1.1 | 30.00 | 279.00 | 309.00 | OK | |
| r-oldrel-macos-arm64 | 1.1 | 18.00 | 197.00 | 215.00 | OK | |
| r-oldrel-macos-x86_64 | 1.1 | 40.00 | 371.00 | 411.00 | NOTE | |
| r-oldrel-windows-x86_64 | 1.1 | 41.00 | 376.00 | 417.00 | OK |
Version: 1.1
Check: installed package size
Result: NOTE
installed size is 5.0Mb
sub-directories of 1Mb or more:
data 3.6Mb
doc 1.1Mb
Flavor: r-oldrel-macos-x86_64