Last updated on 2025-04-29 13:51:35 CEST.
Flavor | Version | Tinstall | Tcheck | Ttotal | Status | Flags |
---|---|---|---|---|---|---|
r-devel-linux-x86_64-debian-clang | 2.3.0 | 7.38 | 59.66 | 67.04 | NOTE | |
r-devel-linux-x86_64-debian-gcc | 2.3.0 | 4.69 | 42.00 | 46.69 | NOTE | |
r-devel-linux-x86_64-fedora-clang | 2.3.0 | 93.33 | OK | |||
r-devel-linux-x86_64-fedora-gcc | 2.3.0 | 87.25 | OK | |||
r-devel-windows-x86_64 | 2.3.0 | 10.00 | 77.00 | 87.00 | OK | |
r-patched-linux-x86_64 | 2.3.0 | 7.53 | 53.71 | 61.24 | OK | |
r-release-linux-x86_64 | 2.3.0 | 6.88 | 53.72 | 60.60 | OK | |
r-release-macos-arm64 | 2.3.0 | 29.00 | OK | |||
r-release-macos-x86_64 | 2.3.0 | 52.00 | OK | |||
r-release-windows-x86_64 | 2.3.0 | 10.00 | 79.00 | 89.00 | OK | |
r-oldrel-macos-arm64 | 2.3.0 | 30.00 | OK | |||
r-oldrel-macos-x86_64 | 2.3.0 | 43.00 | OK | |||
r-oldrel-windows-x86_64 | 2.3.0 | 10.00 | 92.00 | 102.00 | OK |
Version: 2.3.0
Check: CRAN incoming feasibility
Result: NOTE
Maintainer: ‘Lucas Venezian Povoa <lucasvenez@gmail.com>’
No Authors@R field in DESCRIPTION.
Please add one, modifying
Authors@R: c(person(given = c("Lucas", "Venezian"),
family = "Povoa",
role = c("aut", "cre"),
email = "lucasvenez@gmail.com"),
person(given = c("Jonas", "Teixeira"),
family = "Nery",
role = "ctb"))
as necessary.
Flavors: r-devel-linux-x86_64-debian-clang, r-devel-linux-x86_64-debian-gcc