Last updated on 2025-11-16 06:49:49 CET.
| Flavor | Version | Tinstall | Tcheck | Ttotal | Status | Flags |
|---|---|---|---|---|---|---|
| r-devel-linux-x86_64-debian-clang | 0.1-19 | 29.65 | 217.40 | 247.05 | OK | |
| r-devel-linux-x86_64-debian-gcc | 0.1-19 | 18.95 | 140.76 | 159.71 | NOTE | |
| r-devel-linux-x86_64-fedora-clang | 0.1-19 | 76.00 | 321.19 | 397.19 | OK | |
| r-devel-linux-x86_64-fedora-gcc | 0.1-19 | 72.00 | 313.08 | 385.08 | OK | |
| r-devel-windows-x86_64 | 0.1-19 | 29.00 | 176.00 | 205.00 | OK | |
| r-patched-linux-x86_64 | 0.1-19 | 28.84 | 211.76 | 240.60 | OK | |
| r-release-linux-x86_64 | 0.1-19 | 29.19 | 212.59 | 241.78 | OK | |
| r-release-macos-arm64 | 0.1-19 | 14.00 | 99.00 | 113.00 | OK | |
| r-release-macos-x86_64 | 0.1-19 | 30.00 | 187.00 | 217.00 | OK | |
| r-release-windows-x86_64 | 0.1-19 | 28.00 | 170.00 | 198.00 | OK | |
| r-oldrel-macos-arm64 | 0.1-19 | 11.00 | 92.00 | 103.00 | NOTE | |
| r-oldrel-macos-x86_64 | 0.1-19 | 28.00 | 173.00 | 201.00 | NOTE | |
| r-oldrel-windows-x86_64 | 0.1-19 | 42.00 | 241.00 | 283.00 | NOTE |
Version: 0.1-19
Check: CRAN incoming feasibility
Result: NOTE
Maintainer: ‘Robert J. Hijmans <r.hijmans@gmail.com>’
The BugReports field in DESCRIPTION has
https://github.com/rspatial/predicts/issues/
which should likely be
https://github.com/rspatial/predicts/issues/issues
instead.
Flavor: r-devel-linux-x86_64-debian-gcc
Version: 0.1-19
Check: installed package size
Result: NOTE
installed size is 5.9Mb
sub-directories of 1Mb or more:
R 4.5Mb
Flavors: r-oldrel-macos-arm64, r-oldrel-macos-x86_64, r-oldrel-windows-x86_64