CRAN Package Check Results for Package preputils

Last updated on 2025-11-16 00:48:41 CET.

Flavor Version Tinstall Tcheck Ttotal Status Flags
r-devel-linux-x86_64-debian-clang 1.0.3 2.33 24.81 27.14 NOTE
r-devel-linux-x86_64-debian-gcc 1.0.3 1.68 20.12 21.80 NOTE
r-devel-linux-x86_64-fedora-clang 1.0.3 39.87 OK
r-devel-linux-x86_64-fedora-gcc 1.0.3 37.72 OK
r-devel-windows-x86_64 1.0.3 5.00 45.00 50.00 OK
r-patched-linux-x86_64 1.0.3 2.26 23.37 25.63 OK
r-release-linux-x86_64 1.0.3 2.19 23.99 26.18 OK
r-release-macos-arm64 1.0.3 1.00 16.00 17.00 OK
r-release-macos-x86_64 1.0.3 2.00 24.00 26.00 OK
r-release-windows-x86_64 1.0.3 3.00 45.00 48.00 OK
r-oldrel-macos-arm64 1.0.3 1.00 17.00 18.00 NOTE
r-oldrel-macos-x86_64 1.0.3 2.00 21.00 23.00 NOTE
r-oldrel-windows-x86_64 1.0.3 4.00 50.00 54.00 NOTE

Check Details

Version: 1.0.3
Check: CRAN incoming feasibility
Result: NOTE Maintainer: ‘Josef Frank <josef.frank@gmx.ch>’ No Authors@R field in DESCRIPTION. Please add one, modifying Authors@R: person(given = "Josef", family = "Frank", role = c("aut", "cre"), email = "josef.frank@gmx.ch") as necessary. Flavors: r-devel-linux-x86_64-debian-clang, r-devel-linux-x86_64-debian-gcc

Version: 1.0.3
Check: LazyData
Result: NOTE 'LazyData' is specified without a 'data' directory Flavors: r-oldrel-macos-arm64, r-oldrel-macos-x86_64, r-oldrel-windows-x86_64