Last updated on 2025-10-23 11:50:23 CEST.
Flavor | Version | Tinstall | Tcheck | Ttotal | Status | Flags |
---|---|---|---|---|---|---|
r-devel-linux-x86_64-debian-clang | 0.1.6 | 42.57 | 384.91 | 427.48 | OK | |
r-devel-linux-x86_64-debian-gcc | 0.1.6 | 26.07 | 248.61 | 274.68 | NOTE | |
r-devel-linux-x86_64-fedora-clang | 0.1.6 | 170.00 | 498.82 | 668.82 | NOTE | |
r-devel-linux-x86_64-fedora-gcc | 0.1.6 | 190.00 | 475.65 | 665.65 | NOTE | |
r-devel-windows-x86_64 | 0.1.6 | 41.00 | 307.00 | 348.00 | OK | |
r-patched-linux-x86_64 | 0.1.6 | 39.91 | 362.39 | 402.30 | OK | |
r-release-linux-x86_64 | 0.1.6 | 40.31 | 359.70 | 400.01 | OK | |
r-release-macos-arm64 | 0.1.6 | 22.00 | 193.00 | 215.00 | OK | |
r-release-macos-x86_64 | 0.1.6 | 39.00 | 314.00 | 353.00 | OK | |
r-release-windows-x86_64 | 0.1.6 | 43.00 | 307.00 | 350.00 | OK | |
r-oldrel-macos-arm64 | 0.1.6 | 18.00 | 191.00 | 209.00 | OK | |
r-oldrel-macos-x86_64 | 0.1.6 | 36.00 | 325.00 | 361.00 | OK | |
r-oldrel-windows-x86_64 | 0.1.6 | 54.00 | 428.00 | 482.00 | OK |
Version: 0.1.6
Check: Rd files
Result: NOTE
checkRd: (-1) preprocess_graphs.Rd:50: height/width attributes should be in pixels
checkRd: (-1) preprocess_graphs.Rd:62: height/width attributes should be in pixels
Flavors: r-devel-linux-x86_64-debian-gcc, r-devel-linux-x86_64-fedora-clang, r-devel-linux-x86_64-fedora-gcc