Last updated on 2025-11-16 12:49:40 CET.
| Flavor | Version | Tinstall | Tcheck | Ttotal | Status | Flags |
|---|---|---|---|---|---|---|
| r-devel-linux-x86_64-debian-clang | 0.5.0 | 176.90 | 94.26 | 271.16 | OK | |
| r-devel-linux-x86_64-debian-gcc | 0.5.0 | 109.84 | 72.35 | 182.19 | OK | |
| r-devel-linux-x86_64-fedora-clang | 0.5.0 | 461.00 | 53.61 | 514.61 | OK | |
| r-devel-linux-x86_64-fedora-gcc | 0.5.0 | 204.00 | 253.27 | 457.27 | OK | |
| r-devel-windows-x86_64 | 0.5.0 | 259.00 | 119.00 | 378.00 | OK | |
| r-patched-linux-x86_64 | 0.5.0 | 170.28 | 90.47 | 260.75 | OK | |
| r-release-linux-x86_64 | 0.5.0 | 161.66 | 91.31 | 252.97 | OK | |
| r-release-macos-arm64 | 0.5.0 | 56.00 | 49.00 | 105.00 | OK | |
| r-release-macos-x86_64 | 0.5.0 | 52.00 | 96.00 | 148.00 | OK | |
| r-release-windows-x86_64 | 0.5.0 | 240.00 | 118.00 | 358.00 | OK | |
| r-oldrel-macos-arm64 | 0.5.0 | 64.00 | 50.00 | 114.00 | NOTE | |
| r-oldrel-macos-x86_64 | 0.5.0 | 48.00 | 73.00 | 121.00 | NOTE | |
| r-oldrel-windows-x86_64 | 0.5.0 | 269.00 | 149.00 | 418.00 | NOTE |
Version: 0.5.0
Check: package dependencies
Result: NOTE
Packages suggested but not available for checking:
'gurobi', 'Rcplex', 'rcbc'
Flavors: r-oldrel-macos-arm64, r-oldrel-macos-x86_64, r-oldrel-windows-x86_64
Version: 0.5.0
Check: installed package size
Result: NOTE
installed size is 10.7Mb
sub-directories of 1Mb or more:
doc 3.6Mb
libs 5.9Mb
Flavors: r-oldrel-macos-arm64, r-oldrel-macos-x86_64, r-oldrel-windows-x86_64