Last updated on 2024-07-13 05:49:22 CEST.
Flavor | Version | Tinstall | Tcheck | Ttotal | Status | Flags |
---|---|---|---|---|---|---|
r-devel-linux-x86_64-debian-clang | 0.3.1 | 10.38 | 176.06 | 186.44 | OK | |
r-devel-linux-x86_64-debian-gcc | 0.3.1 | 9.16 | 129.86 | 139.02 | OK | |
r-devel-linux-x86_64-fedora-clang | 0.3.1 | 233.72 | NOTE | |||
r-devel-linux-x86_64-fedora-gcc | 0.3.1 | 233.29 | OK | |||
r-devel-windows-x86_64 | 0.3.1 | 12.00 | 136.00 | 148.00 | OK | |
r-patched-linux-x86_64 | 0.3.1 | 10.51 | 167.95 | 178.46 | OK | |
r-release-linux-x86_64 | 0.3.1 | 9.56 | 167.68 | 177.24 | OK | |
r-release-macos-arm64 | 0.3.1 | 68.00 | OK | |||
r-release-macos-x86_64 | 0.3.1 | 131.00 | OK | |||
r-release-windows-x86_64 | 0.3.1 | 9.00 | 137.00 | 146.00 | OK | |
r-oldrel-macos-arm64 | 0.3.1 | 72.00 | OK | |||
r-oldrel-macos-x86_64 | 0.3.1 | 205.00 | OK | |||
r-oldrel-windows-x86_64 | 0.3.1 | 13.00 | 162.00 | 175.00 | OK |
Version: 0.3.1
Check: Rd cross-references
Result: NOTE
Undeclared package ‘mvtnorm’ in Rd xrefs
Flavor: r-devel-linux-x86_64-fedora-clang