Last updated on 2025-05-17 07:50:29 CEST.
Flavor | Version | Tinstall | Tcheck | Ttotal | Status | Flags |
---|---|---|---|---|---|---|
r-devel-linux-x86_64-debian-clang | 1.1.0 | 7.70 | 453.27 | 460.97 | OK | |
r-devel-linux-x86_64-debian-gcc | 1.1.0 | 4.67 | 404.20 | 408.87 | OK | |
r-devel-linux-x86_64-fedora-clang | 1.1.0 | 601.18 | OK | |||
r-devel-linux-x86_64-fedora-gcc | 1.1.0 | 878.64 | OK | |||
r-devel-windows-x86_64 | 1.1.0 | 10.00 | 829.00 | 839.00 | OK | |
r-patched-linux-x86_64 | 1.1.0 | 7.71 | 523.74 | 531.45 | OK | |
r-release-linux-x86_64 | 1.1.0 | 7.24 | 507.97 | 515.21 | OK | |
r-release-macos-arm64 | 1.1.0 | 167.00 | OK | |||
r-release-macos-x86_64 | 1.1.0 | 745.00 | OK | |||
r-release-windows-x86_64 | 1.1.0 | 9.00 | 852.00 | 861.00 | OK | |
r-oldrel-macos-arm64 | 1.1.0 | 162.00 | NOTE | |||
r-oldrel-macos-x86_64 | 1.1.0 | 375.00 | NOTE | |||
r-oldrel-windows-x86_64 | 1.1.0 | 12.00 | 502.00 | 514.00 | NOTE |
Version: 1.1.0
Check: package dependencies
Result: NOTE
Packages suggested but not available for checking: 'cmdstanr', 'iwmm'
Flavors: r-oldrel-macos-arm64, r-oldrel-macos-x86_64, r-oldrel-windows-x86_64