Last updated on 2025-04-29 13:51:35 CEST.
Flavor | Version | Tinstall | Tcheck | Ttotal | Status | Flags |
---|---|---|---|---|---|---|
r-devel-linux-x86_64-debian-clang | 0.1.2 | 26.06 | 211.63 | 237.69 | NOTE | |
r-devel-linux-x86_64-debian-gcc | 0.1.2 | 16.91 | 130.46 | 147.37 | NOTE | |
r-devel-linux-x86_64-fedora-clang | 0.1.2 | 372.31 | OK | |||
r-devel-linux-x86_64-fedora-gcc | 0.1.2 | 349.27 | OK | |||
r-devel-windows-x86_64 | 0.1.2 | 23.00 | 160.00 | 183.00 | OK | |
r-patched-linux-x86_64 | 0.1.2 | 24.05 | 194.42 | 218.47 | OK | |
r-release-linux-x86_64 | 0.1.2 | 25.04 | 193.16 | 218.20 | OK | |
r-release-macos-arm64 | 0.1.2 | 79.00 | OK | |||
r-release-macos-x86_64 | 0.1.2 | 200.00 | OK | |||
r-release-windows-x86_64 | 0.1.2 | 23.00 | 164.00 | 187.00 | OK | |
r-oldrel-macos-arm64 | 0.1.2 | 79.00 | OK | |||
r-oldrel-macos-x86_64 | 0.1.2 | 176.00 | OK | |||
r-oldrel-windows-x86_64 | 0.1.2 | 28.00 | 221.00 | 249.00 | OK |
Version: 0.1.2
Check: CRAN incoming feasibility
Result: NOTE
Maintainer: ‘Danilo Freire <danilofreire@gmail.com>’
Package CITATION file contains call(s) to old-style personList() or
as.personList(). Please use c() on person objects instead.
Package CITATION file contains call(s) to old-style citEntry(). Please
use bibentry() instead.
Flavors: r-devel-linux-x86_64-debian-clang, r-devel-linux-x86_64-debian-gcc