Last updated on 2025-11-16 18:49:40 CET.
| Flavor | Version | Tinstall | Tcheck | Ttotal | Status | Flags |
|---|---|---|---|---|---|---|
| r-devel-linux-x86_64-debian-clang | 0.1.2 | 6.76 | 56.07 | 62.83 | NOTE | |
| r-devel-linux-x86_64-debian-gcc | 0.1.2 | 3.94 | 41.21 | 45.15 | NOTE | |
| r-devel-linux-x86_64-fedora-clang | 0.1.2 | 16.00 | 79.59 | 95.59 | OK | |
| r-devel-linux-x86_64-fedora-gcc | 0.1.2 | 15.00 | 80.36 | 95.36 | OK | |
| r-devel-windows-x86_64 | 0.1.2 | 9.00 | 65.00 | 74.00 | OK | |
| r-patched-linux-x86_64 | 0.1.2 | 6.65 | 52.40 | 59.05 | OK | |
| r-release-linux-x86_64 | 0.1.2 | 6.62 | 52.31 | 58.93 | OK | |
| r-release-macos-arm64 | 0.1.2 | 10.00 | 69.00 | 79.00 | OK | |
| r-release-macos-x86_64 | 0.1.2 | 31.00 | 169.00 | 200.00 | OK | |
| r-release-windows-x86_64 | 0.1.2 | 8.00 | 64.00 | 72.00 | OK | |
| r-oldrel-macos-arm64 | 0.1.2 | 10.00 | 69.00 | 79.00 | OK | |
| r-oldrel-macos-x86_64 | 0.1.2 | 16.00 | 160.00 | 176.00 | OK | |
| r-oldrel-windows-x86_64 | 0.1.2 | 10.00 | 78.00 | 88.00 | OK |
Version: 0.1.2
Check: CRAN incoming feasibility
Result: NOTE
Maintainer: ‘Danilo Freire <danilofreire@gmail.com>’
Package CITATION file contains call(s) to old-style personList() or
as.personList(). Please use c() on person objects instead.
Package CITATION file contains call(s) to old-style citEntry(). Please
use bibentry() instead.
Flavors: r-devel-linux-x86_64-debian-clang, r-devel-linux-x86_64-debian-gcc