Last updated on 2025-04-29 13:51:35 CEST.
Flavor | Version | Tinstall | Tcheck | Ttotal | Status | Flags |
---|---|---|---|---|---|---|
r-devel-linux-x86_64-debian-clang | 0.1.1 | 1.62 | 17.61 | 19.23 | NOTE | |
r-devel-linux-x86_64-debian-gcc | 0.1.1 | 1.26 | 14.18 | 15.44 | NOTE | |
r-devel-linux-x86_64-fedora-clang | 0.1.1 | 31.61 | OK | |||
r-devel-linux-x86_64-fedora-gcc | 0.1.1 | 30.21 | OK | |||
r-devel-windows-x86_64 | 0.1.1 | 2.00 | 39.00 | 41.00 | OK | |
r-patched-linux-x86_64 | 0.1.1 | 1.75 | 16.97 | 18.72 | OK | |
r-release-linux-x86_64 | 0.1.1 | 1.68 | 16.70 | 18.38 | OK | |
r-release-macos-arm64 | 0.1.1 | 15.00 | OK | |||
r-release-macos-x86_64 | 0.1.1 | 23.00 | OK | |||
r-release-windows-x86_64 | 0.1.1 | 2.00 | 41.00 | 43.00 | OK | |
r-oldrel-macos-arm64 | 0.1.1 | 14.00 | NOTE | |||
r-oldrel-macos-x86_64 | 0.1.1 | 19.00 | NOTE | |||
r-oldrel-windows-x86_64 | 0.1.1 | 2.00 | 39.00 | 41.00 | NOTE |
Version: 0.1.1
Check: CRAN incoming feasibility
Result: NOTE
Maintainer: ‘Xi (Rossi) LUO <xi.rossi.luo@gmail.com>’
No Authors@R field in DESCRIPTION.
Please add one, modifying
Authors@R: c(person(given = c("Xi", "LUO", "with", "contributions", "from", "Dylan"),
family = "Small",
role = "aut",
comment = "Rossi"),
person(given = "Vikaas",
family = "Sohal",
role = "aut"),
person(given = "Xi",
family = "LUO",
role = "cre",
email = "xi.rossi.luo@gmail.com",
comment = "Rossi"))
as necessary.
Flavors: r-devel-linux-x86_64-debian-clang, r-devel-linux-x86_64-debian-gcc
Version: 0.1.1
Check: package dependencies
Result: NOTE
Package suggested but not available for checking: ‘cin’
Flavors: r-oldrel-macos-arm64, r-oldrel-macos-x86_64, r-oldrel-windows-x86_64