Last updated on 2025-11-16 06:49:49 CET.
| Flavor | Version | Tinstall | Tcheck | Ttotal | Status | Flags |
|---|---|---|---|---|---|---|
| r-devel-linux-x86_64-debian-clang | 1.1 | 87.17 | 63.41 | 150.58 | NOTE | |
| r-devel-linux-x86_64-debian-gcc | 1.1 | 53.18 | 48.30 | 101.48 | NOTE | |
| r-devel-linux-x86_64-fedora-clang | 1.1 | 164.00 | 108.43 | 272.43 | OK | |
| r-devel-linux-x86_64-fedora-gcc | 1.1 | 85.00 | 155.46 | 240.46 | OK | |
| r-devel-windows-x86_64 | 1.1 | 106.00 | 92.00 | 198.00 | OK | |
| r-patched-linux-x86_64 | 1.1 | 84.47 | 61.45 | 145.92 | OK | |
| r-release-linux-x86_64 | 1.1 | 75.44 | 61.43 | 136.87 | OK | |
| r-release-macos-arm64 | 1.1 | 34.00 | 36.00 | 70.00 | OK | |
| r-release-macos-x86_64 | 1.1 | 36.00 | 61.00 | 97.00 | OK | |
| r-release-windows-x86_64 | 1.1 | 97.00 | 90.00 | 187.00 | OK | |
| r-oldrel-macos-arm64 | 1.1 | 32.00 | 33.00 | 65.00 | OK | |
| r-oldrel-macos-x86_64 | 1.1 | 30.00 | 48.00 | 78.00 | OK | |
| r-oldrel-windows-x86_64 | 1.1 | 118.00 | 117.00 | 235.00 | OK |
Version: 1.1
Check: CRAN incoming feasibility
Result: NOTE
Maintainer: ‘Alexander McLain <mclaina@mailbox.sc.edu>’
The Description field contains
Zgodic, and Bondell (2022) <arXiv:2209.08139>.
Please refer to arXiv e-prints via their arXiv DOI <doi:10.48550/arXiv.YYMM.NNNNN>.
Flavors: r-devel-linux-x86_64-debian-clang, r-devel-linux-x86_64-debian-gcc