Last updated on 2024-07-13 05:49:22 CEST.
Flavor | Version | Tinstall | Tcheck | Ttotal | Status | Flags |
---|---|---|---|---|---|---|
r-devel-linux-x86_64-debian-clang | 1.0.6 | 12.89 | 151.89 | 164.78 | OK | |
r-devel-linux-x86_64-debian-gcc | 1.0.6 | 9.22 | 108.80 | 118.02 | OK | |
r-devel-linux-x86_64-fedora-clang | 1.0.6 | 202.57 | OK | |||
r-devel-linux-x86_64-fedora-gcc | 1.0.6 | 202.00 | OK | |||
r-devel-windows-x86_64 | 1.0.6 | 12.00 | 131.00 | 143.00 | NOTE | |
r-patched-linux-x86_64 | 1.0.6 | 17.31 | 143.84 | 161.15 | OK | |
r-release-linux-x86_64 | 1.0.6 | 9.35 | 141.35 | 150.70 | OK | |
r-release-macos-arm64 | 1.0.6 | 65.00 | OK | |||
r-release-macos-x86_64 | 1.0.6 | 116.00 | OK | |||
r-release-windows-x86_64 | 1.0.6 | 10.00 | 132.00 | 142.00 | OK | |
r-oldrel-macos-arm64 | 1.0.6 | 78.00 | OK | |||
r-oldrel-macos-x86_64 | 1.0.6 | 131.00 | OK | |||
r-oldrel-windows-x86_64 | 1.0.6 | 14.00 | 150.00 | 164.00 | OK |
Version: 1.0.6
Check: Rd cross-references
Result: NOTE
Found the following Rd file(s) with Rd \link{} targets missing package
anchors:
proc_print.Rd: reporter
proc_reg.Rd: v
Please provide package anchors for all Rd \link{} targets not in the
package itself and the base packages.
Flavor: r-devel-windows-x86_64