CRAN Package Check Results for Package profileModel

Last updated on 2025-11-16 06:49:49 CET.

Flavor Version Tinstall Tcheck Ttotal Status Flags
r-devel-linux-x86_64-debian-clang 0.6.1 2.45 29.94 32.39 NOTE
r-devel-linux-x86_64-debian-gcc 0.6.1 1.96 22.74 24.70 NOTE
r-devel-linux-x86_64-fedora-clang 0.6.1 48.95 NOTE
r-devel-linux-x86_64-fedora-gcc 0.6.1 46.52 NOTE
r-devel-windows-x86_64 0.6.1 6.00 46.00 52.00 NOTE
r-patched-linux-x86_64 0.6.1 3.29 28.15 31.44 NOTE
r-release-linux-x86_64 0.6.1 2.35 28.28 30.63 NOTE
r-release-macos-arm64 0.6.1 1.00 19.00 20.00 NOTE
r-release-macos-x86_64 0.6.1 4.00 40.00 44.00 NOTE
r-release-windows-x86_64 0.6.1 4.00 49.00 53.00 NOTE
r-oldrel-macos-arm64 0.6.1 2.00 21.00 23.00 NOTE
r-oldrel-macos-x86_64 0.6.1 2.00 24.00 26.00 NOTE
r-oldrel-windows-x86_64 0.6.1 5.00 54.00 59.00 NOTE

Check Details

Version: 0.6.1
Check: Rd files
Result: NOTE checkRd: (-1) plot.profileModel.Rd:69: Escaped LaTeX specials: \& checkRd: (-1) profileModel.Rd:277: Escaped LaTeX specials: \& Flavors: r-devel-linux-x86_64-debian-clang, r-devel-linux-x86_64-debian-gcc, r-devel-linux-x86_64-fedora-clang, r-devel-linux-x86_64-fedora-gcc, r-devel-windows-x86_64, r-patched-linux-x86_64, r-release-linux-x86_64, r-release-macos-arm64, r-release-macos-x86_64, r-release-windows-x86_64, r-oldrel-macos-arm64, r-oldrel-macos-x86_64, r-oldrel-windows-x86_64