Last updated on 2025-07-18 13:49:40 CEST.
Flavor | Version | Tinstall | Tcheck | Ttotal | Status | Flags |
---|---|---|---|---|---|---|
r-devel-linux-x86_64-debian-clang | 1.9.1.0 | 945.07 | 152.01 | 1097.08 | OK | |
r-devel-linux-x86_64-debian-gcc | 1.9.1.0 | 913.59 | 181.28 | 1094.87 | OK | |
r-devel-linux-x86_64-fedora-clang | 1.9.1.0 | 1727.17 | NOTE | |||
r-devel-linux-x86_64-fedora-gcc | 1.9.1.0 | 2452.91 | NOTE | |||
r-devel-windows-x86_64 | 1.9.1.0 | 1079.00 | 253.00 | 1332.00 | OK | |
r-patched-linux-x86_64 | 1.9.1.0 | 1129.24 | 249.53 | 1378.77 | OK | |
r-release-linux-x86_64 | 1.9.1.0 | 1133.95 | 246.49 | 1380.44 | OK | |
r-release-macos-arm64 | 1.9.1.0 | 436.00 | OK | |||
r-release-macos-x86_64 | 1.9.1.0 | 621.00 | OK | |||
r-release-windows-x86_64 | 1.9.1.0 | 1072.00 | 253.00 | 1325.00 | OK | |
r-oldrel-macos-arm64 | 1.9.1.0 | 238.00 | NOTE | |||
r-oldrel-macos-x86_64 | 1.9.1.0 | 195.00 | NOTE | |||
r-oldrel-windows-x86_64 | 1.9.1.0 | 1192.00 | 308.00 | 1500.00 | NOTE |
Version: 1.9.1.0
Check: dependencies in R code
Result: NOTE
Namespace in Imports field not imported from: ‘RcppParallel’
All declared Imports should be used.
Flavors: r-devel-linux-x86_64-fedora-clang, r-devel-linux-x86_64-fedora-gcc
Version: 1.9.1.0
Check: installed package size
Result: NOTE
installed size is 140.5Mb
sub-directories of 1Mb or more:
libs 140.2Mb
Flavors: r-oldrel-macos-arm64, r-oldrel-macos-x86_64, r-oldrel-windows-x86_64
Version: 1.9.1.0
Check: for GNU extensions in Makefiles
Result: NOTE
GNU make is a SystemRequirements.
Flavors: r-oldrel-macos-arm64, r-oldrel-macos-x86_64, r-oldrel-windows-x86_64