Last updated on 2025-05-01 14:49:18 CEST.
Flavor | Version | Tinstall | Tcheck | Ttotal | Status | Flags |
---|---|---|---|---|---|---|
r-devel-linux-x86_64-debian-clang | 0.2.1 | 21.59 | 220.82 | 242.41 | NOTE | |
r-devel-linux-x86_64-debian-gcc | 0.2.1 | 16.58 | 154.71 | 171.29 | NOTE | |
r-devel-linux-x86_64-fedora-clang | 0.2.1 | 390.83 | NOTE | |||
r-devel-linux-x86_64-fedora-gcc | 0.2.1 | 387.68 | NOTE | |||
r-devel-windows-x86_64 | 0.2.1 | 22.00 | 227.00 | 249.00 | NOTE | |
r-patched-linux-x86_64 | 0.2.1 | 21.57 | 207.67 | 229.24 | NOTE | |
r-release-linux-x86_64 | NOTE | |||||
r-release-macos-arm64 | 0.2.1 | 114.00 | NOTE | |||
r-release-macos-x86_64 | 0.2.1 | 203.00 | NOTE | |||
r-release-windows-x86_64 | 0.2.1 | 24.00 | 223.00 | 247.00 | NOTE | |
r-oldrel-macos-arm64 | 0.2.1 | 112.00 | NOTE | |||
r-oldrel-macos-x86_64 | 0.2.1 | 167.00 | NOTE | |||
r-oldrel-windows-x86_64 | 0.2.1 | 30.00 | 268.00 | 298.00 | NOTE |
Version: 0.2.1
Check: Rd files
Result: NOTE
checkRd: (-1) impute_plot.Rd:32: Lost braces; missing escapes or markup?
32 | \item{global}{Logical. If \code{TRUE} ({default}), a global density plot is
| ^
Flavors: r-devel-linux-x86_64-debian-clang, r-devel-linux-x86_64-debian-gcc, r-devel-linux-x86_64-fedora-clang, r-devel-linux-x86_64-fedora-gcc, r-devel-windows-x86_64, r-patched-linux-x86_64, r-release-linux-x86_64, r-release-macos-arm64, r-release-macos-x86_64, r-release-windows-x86_64, r-oldrel-macos-arm64, r-oldrel-macos-x86_64, r-oldrel-windows-x86_64
Version: 0.2.1
Check: examples
Result: NOTE
Examples with CPU (user + system) or elapsed time > 5s
user system elapsed
impute_plot 5.555 0.178 8.012
heatmap_na 4.866 0.142 8.546
Flavor: r-devel-linux-x86_64-debian-clang
Version: 0.2.1
Check: examples
Result: NA
user system elapsed
heatmap_na 3.689 0.121 8.151
impute_plot 3.421 0.046 5.703
OK
Flavor: r-devel-linux-x86_64-debian-gcc