Last updated on 2025-04-29 13:51:35 CEST.
Flavor | Version | Tinstall | Tcheck | Ttotal | Status | Flags |
---|---|---|---|---|---|---|
r-devel-linux-x86_64-debian-clang | 0.0-9 | 1.56 | 16.90 | 18.46 | NOTE | |
r-devel-linux-x86_64-debian-gcc | 0.0-9 | 1.23 | 13.96 | 15.19 | NOTE | |
r-devel-linux-x86_64-fedora-clang | 0.0-9 | 28.73 | OK | |||
r-devel-linux-x86_64-fedora-gcc | 0.0-9 | 27.31 | OK | |||
r-devel-windows-x86_64 | 0.0-9 | 2.00 | 36.00 | 38.00 | OK | |
r-patched-linux-x86_64 | 0.0-9 | 1.52 | 16.11 | 17.63 | OK | |
r-release-linux-x86_64 | 0.0-9 | 1.59 | 16.15 | 17.74 | OK | |
r-release-macos-arm64 | 0.0-9 | 16.00 | OK | |||
r-release-macos-x86_64 | 0.0-9 | 22.00 | OK | |||
r-release-windows-x86_64 | 0.0-9 | 3.00 | 38.00 | 41.00 | OK | |
r-oldrel-macos-arm64 | 0.0-9 | 13.00 | OK | |||
r-oldrel-macos-x86_64 | 0.0-9 | 19.00 | OK | |||
r-oldrel-windows-x86_64 | 0.0-9 | 2.00 | 34.00 | 36.00 | OK |
Version: 0.0-9
Check: CRAN incoming feasibility
Result: NOTE
Maintainer: ‘Daan Seynaeve <daan.seynaeve@openanalytics.eu>’
No Authors@R field in DESCRIPTION.
Please add one, modifying
Authors@R: c(person(given = "Tobias",
family = "Verbeke",
role = "aut"),
person(given = "Daan",
family = "Seynaeve",
role = c("aut", "cre"),
email = "daan.seynaeve@openanalytics.eu"),
person(given = c("based", "on", "read.dcf", "by", "R", "Core", "Development"),
family = "Team",
role = "aut"))
as necessary.
Flavors: r-devel-linux-x86_64-debian-clang, r-devel-linux-x86_64-debian-gcc