Last updated on 2024-07-13 05:49:23 CEST.
Flavor | Version | Tinstall | Tcheck | Ttotal | Status | Flags |
---|---|---|---|---|---|---|
r-devel-linux-x86_64-debian-clang | 2.3.0 | 84.74 | 33.02 | 117.76 | OK | |
r-devel-linux-x86_64-debian-gcc | 2.3.0 | 59.39 | 26.01 | 85.40 | OK | |
r-devel-linux-x86_64-fedora-clang | 2.3.0 | 171.58 | NOTE | |||
r-devel-linux-x86_64-fedora-gcc | 2.3.0 | 184.51 | OK | |||
r-devel-windows-x86_64 | 2.3.0 | 72.00 | 75.00 | 147.00 | OK | |
r-patched-linux-x86_64 | 2.3.0 | 70.54 | 32.91 | 103.45 | OK | |
r-release-linux-x86_64 | 2.3.0 | 73.95 | 32.30 | 106.25 | OK | |
r-release-macos-arm64 | 2.3.0 | 39.00 | NOTE | |||
r-release-macos-x86_64 | 2.3.0 | 42.00 | NOTE | |||
r-release-windows-x86_64 | 2.3.0 | 69.00 | 83.00 | 152.00 | OK | |
r-oldrel-macos-arm64 | 2.3.0 | 126.00 | NOTE | |||
r-oldrel-macos-x86_64 | 2.3.0 | 75.00 | NOTE | |||
r-oldrel-windows-x86_64 | 2.3.0 | 67.00 | 92.00 | 159.00 | OK |
Version: 2.3.0
Check: Rd cross-references
Result: NOTE
Undeclared package ‘RProtoBuf’ in Rd xrefs
Flavor: r-devel-linux-x86_64-fedora-clang
Version: 2.3.0
Check: installed package size
Result: NOTE
installed size is 21.4Mb
sub-directories of 1Mb or more:
libs 21.3Mb
Flavors: r-release-macos-arm64, r-release-macos-x86_64, r-oldrel-macos-arm64, r-oldrel-macos-x86_64