Last updated on 2024-06-27 16:49:12 CEST.
Flavor | Version | Tinstall | Tcheck | Ttotal | Status | Flags |
---|---|---|---|---|---|---|
r-devel-linux-x86_64-debian-clang | 0.8.0 | OK | ||||
r-devel-linux-x86_64-debian-gcc | 0.8.0 | 21.21 | 187.13 | 208.34 | OK | |
r-devel-linux-x86_64-fedora-clang | 0.8.0 | 361.77 | OK | |||
r-devel-linux-x86_64-fedora-gcc | 0.8.0 | 369.67 | OK | |||
r-devel-windows-x86_64 | 0.8.0 | 21.00 | 208.00 | 229.00 | OK | |
r-patched-linux-x86_64 | 0.8.0 | 27.83 | 250.94 | 278.77 | OK | |
r-release-linux-x86_64 | 0.8.0 | 16.15 | 254.33 | 270.48 | OK | |
r-release-macos-arm64 | 0.8.0 | 93.00 | NOTE | |||
r-release-macos-x86_64 | 0.8.0 | 329.00 | OK | |||
r-release-windows-x86_64 | 0.8.0 | 21.00 | 213.00 | 234.00 | OK | |
r-oldrel-macos-arm64 | 0.8.0 | 96.00 | NOTE | |||
r-oldrel-macos-x86_64 | 0.8.0 | 217.00 | NOTE | |||
r-oldrel-windows-x86_64 | 0.8.0 | 27.00 | 260.00 | 287.00 | OK |
Version: 0.8.0
Check: package dependencies
Result: NOTE
Package suggested but not available for checking: ‘proDA’
Flavors: r-release-macos-arm64, r-oldrel-macos-arm64, r-oldrel-macos-x86_64