CRAN Package Check Results for Package pseudorank

Last updated on 2025-11-16 06:49:49 CET.

Flavor Version Tinstall Tcheck Ttotal Status Flags
r-devel-linux-x86_64-debian-clang 1.0.4 20.69 98.57 119.26 OK
r-devel-linux-x86_64-debian-gcc 1.0.4 13.14 73.30 86.44 NOTE
r-devel-linux-x86_64-fedora-clang 1.0.4 47.00 143.01 190.01 OK
r-devel-linux-x86_64-fedora-gcc 1.0.4 65.00 117.31 182.31 OK
r-devel-windows-x86_64 1.0.4 24.00 122.00 146.00 OK
r-patched-linux-x86_64 1.0.4 21.01 95.88 116.89 OK
r-release-linux-x86_64 1.0.4 16.96 93.41 110.37 OK
r-release-macos-arm64 1.0.4 10.00 40.00 50.00 OK
r-release-macos-x86_64 1.0.4 15.00 84.00 99.00 OK
r-release-windows-x86_64 1.0.4 24.00 123.00 147.00 OK
r-oldrel-macos-arm64 1.0.4 9.00 46.00 55.00 OK
r-oldrel-macos-x86_64 1.0.4 16.00 84.00 100.00 OK
r-oldrel-windows-x86_64 1.0.4 31.00 148.00 179.00 OK

Check Details

Version: 1.0.4
Check: CRAN incoming feasibility
Result: NOTE Maintainer: ‘Martin Happ <statistics@happ.co.at>’ The BugReports field in DESCRIPTION has https://github.com/happma/pseudorank/issues/ which should likely be https://github.com/happma/pseudorank/issues/issues instead. Flavor: r-devel-linux-x86_64-debian-gcc