Last updated on 2025-04-30 07:55:17 CEST.
Flavor | Version | Tinstall | Tcheck | Ttotal | Status | Flags |
---|---|---|---|---|---|---|
r-devel-linux-x86_64-debian-clang | 1.0.2 | 8.46 | 73.39 | 81.85 | NOTE | |
r-devel-linux-x86_64-debian-gcc | 1.0.2 | 6.63 | 53.41 | 60.04 | NOTE | |
r-devel-linux-x86_64-fedora-clang | 1.0.2 | 126.47 | OK | |||
r-devel-linux-x86_64-fedora-gcc | 1.0.2 | 119.95 | OK | |||
r-devel-windows-x86_64 | 1.0.2 | 10.00 | 82.00 | 92.00 | OK | |
r-patched-linux-x86_64 | 1.0.2 | 7.73 | 68.79 | 76.52 | OK | |
r-release-linux-x86_64 | 1.0.2 | 8.69 | 69.15 | 77.84 | OK | |
r-release-macos-arm64 | 1.0.2 | 40.00 | OK | |||
r-release-macos-x86_64 | 1.0.2 | 98.00 | OK | |||
r-release-windows-x86_64 | 1.0.2 | 12.00 | 83.00 | 95.00 | OK | |
r-oldrel-macos-arm64 | 1.0.2 | 38.00 | NOTE | |||
r-oldrel-macos-x86_64 | 1.0.2 | 78.00 | NOTE | |||
r-oldrel-windows-x86_64 | 1.0.2 | 11.00 | 99.00 | 110.00 | NOTE |
Version: 1.0.2
Check: CRAN incoming feasibility
Result: NOTE
Maintainer: ‘Oleg Sysoev <Oleg.Sysoev@liu.se>’
No Authors@R field in DESCRIPTION.
Please add one, modifying
Authors@R: c(person(given = "Oleg",
family = "Sysoev",
role = c("aut", "cre"),
email = "oleg.sysoev@liu.se"),
person(given = "Krzysztof",
family = "Bartoszek",
role = "aut"),
person(given = c("Katarina", "Ekholm"),
family = "Selling",
role = "aut"),
person(given = "Lotta",
family = "Ekstrom",
role = "aut"))
as necessary.
Package CITATION file contains call(s) to old-style personList() or
as.personList(). Please use c() on person objects instead.
Package CITATION file contains call(s) to old-style citEntry(). Please
use bibentry() instead.
Flavors: r-devel-linux-x86_64-debian-clang, r-devel-linux-x86_64-debian-gcc
Version: 1.0.2
Check: examples
Result: NOTE
Examples with CPU (user + system) or elapsed time > 5s
user system elapsed
psica 5.61 0.025 7.378
Flavor: r-devel-linux-x86_64-debian-clang
Version: 1.0.2
Check: LazyData
Result: NOTE
'LazyData' is specified without a 'data' directory
Flavors: r-oldrel-macos-arm64, r-oldrel-macos-x86_64, r-oldrel-windows-x86_64