Last updated on 2025-07-18 07:49:40 CEST.
Flavor | Version | Tinstall | Tcheck | Ttotal | Status | Flags |
---|---|---|---|---|---|---|
r-devel-linux-x86_64-debian-clang | 1.0.3 | 5.18 | 45.89 | 51.07 | NOTE | |
r-devel-linux-x86_64-debian-gcc | 1.0.5 | 3.81 | 35.35 | 39.16 | OK | |
r-devel-linux-x86_64-fedora-clang | 1.0.5 | 87.50 | OK | |||
r-devel-linux-x86_64-fedora-gcc | 1.0.5 | 93.75 | OK | |||
r-devel-windows-x86_64 | 1.0.3 | 6.00 | 63.00 | 69.00 | NOTE | |
r-patched-linux-x86_64 | 1.0.3 | 3.71 | 42.61 | 46.32 | NOTE | |
r-release-linux-x86_64 | 1.0.3 | 3.68 | 41.93 | 45.61 | NOTE | |
r-release-macos-arm64 | 1.0.5 | 33.00 | OK | |||
r-release-macos-x86_64 | 1.0.5 | 71.00 | OK | |||
r-release-windows-x86_64 | 1.0.5 | 7.00 | 63.00 | 70.00 | OK | |
r-oldrel-macos-arm64 | 1.0.5 | 36.00 | OK | |||
r-oldrel-macos-x86_64 | 1.0.5 | 68.00 | OK | |||
r-oldrel-windows-x86_64 | 1.0.5 | 9.00 | 76.00 | 85.00 | OK |
Version: 1.0.3
Check: DESCRIPTION meta-information
Result: NOTE
Missing dependency on R >= 4.1.0 because package code uses the pipe
|> or function shorthand \(...) syntax added in R 4.1.0.
File(s) using such syntax:
‘psid_read.R’ ‘psid_reshape.R’ ‘psid_str.R’
Flavors: r-devel-linux-x86_64-debian-clang, r-devel-windows-x86_64, r-patched-linux-x86_64, r-release-linux-x86_64