CRAN Package Check Results for Package psychTools

Last updated on 2025-10-24 05:50:52 CEST.

Flavor Version Tinstall Tcheck Ttotal Status Flags
r-devel-linux-x86_64-debian-clang 2.5.7.22 5.16 211.42 216.58 NOTE
r-devel-linux-x86_64-debian-gcc 2.5.7.22 3.79 142.10 145.89 NOTE
r-devel-linux-x86_64-fedora-clang 2.5.7.22 12.00 317.49 329.49 OK
r-devel-linux-x86_64-fedora-gcc 2.5.7.22 12.00 325.80 337.80 OK
r-devel-windows-x86_64 2.5.7.22 7.00 292.00 299.00 OK
r-patched-linux-x86_64 2.5.7.22 5.52 202.22 207.74 OK
r-release-linux-x86_64 2.5.7.22 5.35 200.15 205.50 OK
r-release-macos-arm64 2.5.7.22 3.00 130.00 133.00 OK
r-release-macos-x86_64 2.5.7.22 7.00 246.00 253.00 OK
r-release-windows-x86_64 2.5.7.22 7.00 419.00 426.00 OK
r-oldrel-macos-arm64 2.5.7.22 3.00 131.00 134.00 OK
r-oldrel-macos-x86_64 2.5.7.22 5.00 286.00 291.00 OK
r-oldrel-windows-x86_64 2.5.7.22 9.00 460.00 469.00 OK

Check Details

Version: 2.5.7.22
Check: top-level files
Result: NOTE Found the following validation problem for the NEWS.Rd HTML conversion: NEWS.html:566:1 (inst/NEWS.Rd:281): Warning: missing </ul> before </div> NEWS.html:98:1 (inst/NEWS.Rd:42): Warning: <h4> anchor "Additions" already defined NEWS.html:114:1 (inst/NEWS.Rd:52): Warning: <h4> anchor "Additions" already defined NEWS.html:134:1 (inst/NEWS.Rd:62): Warning: <h4> anchor "Bugs-fixed" already defined NEWS.html:149:1 (inst/NEWS.Rd:70): Warning: <h4> anchor "Additions" already defined NEWS.html:164:1 (inst/NEWS.Rd:79): Warning: <h4> anchor "Additions" already defined NEWS.html:185:1 (inst/NEWS.Rd:89): Warning: <h4> anchor "Additions" already defined NEWS.html:209:1 (inst/NEWS.Rd:100): Warning: <h4> anchor "Additions" already defined NEWS.html:224:1 (inst/NEWS.Rd:108): Warning: <h4> anchor "Additions" already defined NEWS.html:248:1 (inst/NEWS.Rd:120): Warning: <h4> anchor "Additions" already defined NEWS.html:263:1 (inst/NEWS.Rd:129): Warning: <h4> anchor "Additions" already defined NEWS.html:278:1 (inst/NEWS.Rd:138): Warning: <h4> anchor "Additions" already defined NEWS.html:296:1 (inst/NEWS.Rd:148): Warning: <h4> anchor "Additions" already defined NEWS.html:314:1 (inst/NEWS.Rd:159): Warning: <h4> anchor "Additions" already defined NEWS.html:341:1 (inst/NEWS.Rd:173): Warning: <h4> anchor "Additions" already defined NEWS.html:376:1 (inst/NEWS.Rd:190): Warning: <h4> anchor "Additions" already defined NEWS.html:387:1 (inst/NEWS.Rd:196): Warning: <h4> anchor "Bugs-Fixed" already defined NEWS.html:402:1 (inst/NEWS.Rd:205): Warning: <h4> anchor "Additions" already defined NEWS.html:415:1 (inst/NEWS.Rd:211): Warning: <h4> anchor "Bugs-Fixed" already defined NEWS.html:430:1 (inst/NEWS.Rd:219): Warning: <h4> anchor "Additions" already defined NEWS.html:441:1 (inst/NEWS.Rd:225): Warning: <h4> anchor "Bugs-Fixed" already defined NEWS.html:459:1 (inst/NEWS.Rd:233): Warning: <h4> anchor "Additions" already defined NEWS.html:470:1 (inst/NEWS.Rd:239): Warning: <h4> anchor "Bugs-Fixed" already defined NEWS.html:485:1 (inst/NEWS.Rd:247): Warning: <h4> anchor "Additions" already defined NEWS.html:502:1 (inst/NEWS.Rd:254): Warning: <h4> anchor "Bugs-Fixed" already defined NEWS.html:517:1 (inst/NEWS.Rd:262): Warning: <h4> anchor "Additions" already defined NEWS.html:552:1 (inst/NEWS.Rd:276): Warning: <h4> anchor "Bugs-Fixed" already defined Flavor: r-devel-linux-x86_64-debian-clang

Version: 2.5.7.22
Check: Rd files
Result: NOTE checkRd: (-1) psychTools.Rd:15-47: Only 2 columns allowed in this table (row 6 has 1) checkRd: (-1) read.clipboard.Rd:152-159: Only 7 columns allowed in this table (row 1 has 1) checkRd: (-1) read.clipboard.Rd:152-159: Only 7 columns allowed in this table (row 2 has 1) checkRd: (-1) read.clipboard.Rd:152-159: Only 7 columns allowed in this table (row 3 has 1) checkRd: (-1) read.clipboard.Rd:152-159: Only 7 columns allowed in this table (row 4 has 1) checkRd: (-1) read.clipboard.Rd:152-159: Only 7 columns allowed in this table (row 5 has 1) checkRd: (-1) read.clipboard.Rd:152-159: Only 7 columns allowed in this table (row 6 has 1) Flavor: r-devel-linux-x86_64-debian-gcc