CRAN Package Check Results for Package pullword

Last updated on 2025-04-29 13:51:36 CEST.

Flavor Version Tinstall Tcheck Ttotal Status Flags
r-devel-linux-x86_64-debian-clang 0.3 3.89 23.68 27.57 NOTE
r-devel-linux-x86_64-debian-gcc 0.3 2.83 18.93 21.76 NOTE
r-devel-linux-x86_64-fedora-clang 0.3 42.54 OK
r-devel-linux-x86_64-fedora-gcc 0.3 40.00 OK
r-devel-windows-x86_64 0.3 8.00 52.00 60.00 OK
r-patched-linux-x86_64 0.3 3.53 22.74 26.27 OK
r-release-linux-x86_64 0.3 3.63 22.55 26.18 OK
r-release-macos-arm64 0.3 23.00 OK
r-release-macos-x86_64 0.3 48.00 OK
r-release-windows-x86_64 0.3 7.00 55.00 62.00 OK
r-oldrel-macos-arm64 0.3 23.00 OK
r-oldrel-macos-x86_64 0.3 29.00 OK
r-oldrel-windows-x86_64 0.3 8.00 53.00 61.00 OK

Check Details

Version: 0.3
Check: CRAN incoming feasibility
Result: NOTE Maintainer: ‘Tong He <hetong007@gmail.com>’ No Authors@R field in DESCRIPTION. Please add one, modifying Authors@R: person(given = "Tong", family = "He", role = c("aut", "cre"), email = "hetong007@gmail.com") as necessary. Flavors: r-devel-linux-x86_64-debian-clang, r-devel-linux-x86_64-debian-gcc