Last updated on 2025-11-16 00:48:41 CET.
| Flavor | Version | Tinstall | Tcheck | Ttotal | Status | Flags |
|---|---|---|---|---|---|---|
| r-devel-linux-x86_64-debian-clang | 1.8.2 | 49.62 | 129.33 | 178.95 | OK | |
| r-devel-linux-x86_64-debian-gcc | 1.8.2 | 39.69 | 99.32 | 139.01 | NOTE | |
| r-devel-linux-x86_64-fedora-clang | 1.8.2 | 93.00 | 193.23 | 286.23 | OK | |
| r-devel-linux-x86_64-fedora-gcc | 1.8.2 | 109.00 | 213.95 | 322.95 | OK | |
| r-devel-windows-x86_64 | 1.8.2 | 78.00 | 176.00 | 254.00 | OK | |
| r-patched-linux-x86_64 | 1.8.2 | 55.71 | 135.62 | 191.33 | OK | |
| r-release-linux-x86_64 | 1.8.2 | 54.57 | 133.61 | 188.18 | OK | |
| r-release-macos-arm64 | 1.8.2 | 19.00 | 65.00 | 84.00 | OK | |
| r-release-macos-x86_64 | 1.8.2 | 20.00 | 142.00 | 162.00 | OK | |
| r-release-windows-x86_64 | 1.8.2 | 63.00 | 174.00 | 237.00 | OK | |
| r-oldrel-macos-arm64 | 1.8.2 | 21.00 | 60.00 | 81.00 | OK | |
| r-oldrel-macos-x86_64 | 1.8.2 | 20.00 | 98.00 | 118.00 | OK | |
| r-oldrel-windows-x86_64 | 1.8.2 | 77.00 | 223.00 | 300.00 | OK |
Version: 1.8.2
Check: CRAN incoming feasibility
Result: NOTE
Maintainer: ‘Eugenio López-Cortegano <elcortegano@gmail.com>’
The BugReports field in DESCRIPTION has
https://gitlab.com/elcortegano/purgeR/-/issues/
which should likely be
https://gitlab.com/elcortegano/purgeR/-/issues/issues
instead.
Flavor: r-devel-linux-x86_64-debian-gcc