Last updated on 2024-06-27 10:49:39 CEST.
Flavor | Version | Tinstall | Tcheck | Ttotal | Status | Flags |
---|---|---|---|---|---|---|
r-devel-linux-x86_64-debian-clang | 1.0.2 | NOTE | ||||
r-devel-linux-x86_64-debian-gcc | 1.0.2 | 8.20 | 81.90 | 90.10 | NOTE | |
r-devel-linux-x86_64-fedora-clang | 1.0.2 | 162.91 | NOTE | |||
r-devel-linux-x86_64-fedora-gcc | 1.0.2 | 165.56 | NOTE | |||
r-devel-windows-x86_64 | 1.0.2 | 25.00 | 115.00 | 140.00 | NOTE | |
r-patched-linux-x86_64 | 1.0.2 | 13.85 | 106.94 | 120.79 | OK | |
r-release-linux-x86_64 | 1.0.2 | 9.16 | 106.64 | 115.80 | OK | |
r-release-macos-arm64 | 1.0.2 | 53.00 | OK | |||
r-release-macos-x86_64 | 1.0.2 | 83.00 | ERROR | |||
r-release-windows-x86_64 | 1.0.2 | 24.00 | 117.00 | 141.00 | OK | |
r-oldrel-macos-arm64 | 1.0.2 | 57.00 | OK | |||
r-oldrel-macos-x86_64 | 1.0.2 | 84.00 | OK | |||
r-oldrel-windows-x86_64 | 1.0.2 | 32.00 | 140.00 | 172.00 | OK |
Version: 1.0.2
Check: compiled code
Result: NOTE
File ‘purrr/libs/purrr.so’:
Found non-API calls to R: ‘Rf_findVarInFrame3’, ‘SET_BODY’,
‘SET_CLOENV’, ‘SET_FORMALS’, ‘STRING_PTR’
Compiled code should not call non-API entry points in R.
See ‘Writing portable packages’ in the ‘Writing R Extensions’ manual.
Flavors: r-devel-linux-x86_64-debian-clang, r-devel-linux-x86_64-fedora-clang, r-devel-linux-x86_64-fedora-gcc
Version: 1.0.2
Check: compiled code
Result: NOTE
File ‘purrr/libs/purrr.so’:
Found non-API calls to R: ‘Rf_findVarInFrame3’, ‘SET_BODY’,
‘SET_CLOENV’, ‘SET_FORMALS’, ‘STRING_PTR’
Compiled code should not call non-API entry points in R.
See ‘Writing portable packages’ in the ‘Writing R Extensions’ manual.
See section ‘Moving into C API compliance’ in the ‘Writing R
Extensions’ manual for issues with use of non-API entry points.
Flavor: r-devel-linux-x86_64-debian-gcc
Version: 1.0.2
Check: compiled code
Result: NOTE
File 'purrr/libs/x64/purrr.dll':
Found non-API calls to R: 'Rf_findVarInFrame3', 'SET_BODY',
'SET_CLOENV', 'SET_FORMALS', 'STRING_PTR'
Compiled code should not call non-API entry points in R.
See 'Writing portable packages' in the 'Writing R Extensions' manual.
Flavor: r-devel-windows-x86_64
Version: 1.0.2
Check: re-building of vignette outputs
Result: ERROR
Error(s) in re-building vignettes:
...
--- re-building ‘base.Rmd’ using rmarkdown
Error: processing vignette 'base.Rmd' failed with diagnostics:
there is no package called ‘sass’
--- failed re-building ‘base.Rmd’
--- re-building ‘other-langs.Rmd’ using rmarkdown
Error: processing vignette 'other-langs.Rmd' failed with diagnostics:
there is no package called ‘sass’
--- failed re-building ‘other-langs.Rmd’
SUMMARY: processing the following files failed:
‘base.Rmd’ ‘other-langs.Rmd’
Error: Vignette re-building failed.
Execution halted
Flavor: r-release-macos-x86_64