CRAN Package Check Results for Package pwrRasch

Last updated on 2025-11-16 06:49:49 CET.

Flavor Version Tinstall Tcheck Ttotal Status Flags
r-devel-linux-x86_64-debian-clang 0.1-2 2.61 23.52 26.13 NOTE
r-devel-linux-x86_64-debian-gcc 0.1-2 1.85 19.13 20.98 NOTE
r-devel-linux-x86_64-fedora-clang 0.1-2 38.35 NOTE
r-devel-linux-x86_64-fedora-gcc 0.1-2 36.93 NOTE
r-devel-windows-x86_64 0.1-2 5.00 42.00 47.00 NOTE
r-patched-linux-x86_64 0.1-2 2.83 21.98 24.81 NOTE
r-release-linux-x86_64 0.1-2 2.54 22.37 24.91 NOTE
r-release-macos-arm64 0.1-2 1.00 16.00 17.00 NOTE
r-release-macos-x86_64 0.1-2 2.00 25.00 27.00 NOTE
r-release-windows-x86_64 0.1-2 3.00 42.00 45.00 NOTE
r-oldrel-macos-arm64 0.1-2 2.00 16.00 18.00 NOTE
r-oldrel-macos-x86_64 0.1-2 2.00 21.00 23.00 NOTE
r-oldrel-windows-x86_64 0.1-2 4.00 48.00 52.00 NOTE

Check Details

Version: 0.1-2
Check: Rd files
Result: NOTE checkRd: (-1) aid_st2.Rd:6: Escaped LaTeX specials: \& Flavors: r-devel-linux-x86_64-debian-clang, r-devel-linux-x86_64-debian-gcc, r-devel-linux-x86_64-fedora-clang, r-devel-linux-x86_64-fedora-gcc, r-devel-windows-x86_64, r-patched-linux-x86_64, r-release-linux-x86_64, r-release-macos-arm64, r-release-macos-x86_64, r-release-windows-x86_64, r-oldrel-macos-arm64, r-oldrel-macos-x86_64, r-oldrel-windows-x86_64