Last updated on 2025-10-02 04:51:10 CEST.
Flavor | Version | Tinstall | Tcheck | Ttotal | Status | Flags |
---|---|---|---|---|---|---|
r-devel-linux-x86_64-debian-clang | 1.2.1 | 3.41 | 50.88 | 54.29 | OK | |
r-devel-linux-x86_64-debian-gcc | 1.2.1 | 2.85 | 35.55 | 38.40 | OK | |
r-devel-linux-x86_64-fedora-clang | 1.2.1 | 84.25 | OK | |||
r-devel-linux-x86_64-fedora-gcc | 1.2.1 | 93.15 | OK | |||
r-devel-windows-x86_64 | 1.2.1 | 6.00 | 76.00 | 82.00 | OK | |
r-patched-linux-x86_64 | 1.2.1 | 5.81 | 49.09 | 54.90 | OK | |
r-release-linux-x86_64 | 1.2.1 | 3.83 | 48.91 | 52.74 | OK | |
r-release-macos-arm64 | 1.2.1 | 47.00 | OK | |||
r-release-macos-x86_64 | 1.2.1 | 86.00 | OK | |||
r-release-windows-x86_64 | 1.2.1 | 7.00 | 77.00 | 84.00 | OK | |
r-oldrel-macos-arm64 | 1.2.1 | 36.00 | NOTE | |||
r-oldrel-macos-x86_64 | 1.2.1 | 76.00 | NOTE | |||
r-oldrel-windows-x86_64 | 1.2.1 | 8.00 | 89.00 | 97.00 | NOTE |
Version: 1.2.1
Check: LazyData
Result: NOTE
'LazyData' is specified without a 'data' directory
Flavors: r-oldrel-macos-arm64, r-oldrel-macos-x86_64, r-oldrel-windows-x86_64