Last updated on 2025-10-02 04:51:10 CEST.
Flavor | Version | Tinstall | Tcheck | Ttotal | Status | Flags |
---|---|---|---|---|---|---|
r-devel-linux-x86_64-debian-clang | 2.3 | 10.54 | 87.14 | 97.68 | NOTE | |
r-devel-linux-x86_64-debian-gcc | 2.3 | 9.23 | 73.58 | 82.81 | NOTE | |
r-devel-linux-x86_64-fedora-clang | 2.3 | 149.93 | OK | |||
r-devel-linux-x86_64-fedora-gcc | 2.3 | 144.96 | OK | |||
r-devel-windows-x86_64 | 2.3 | 12.00 | 98.00 | 110.00 | OK | |
r-patched-linux-x86_64 | 2.3 | 12.26 | 86.64 | 98.90 | OK | |
r-release-linux-x86_64 | 2.3 | 11.16 | 86.96 | 98.12 | OK | |
r-release-macos-arm64 | 2.3 | 109.00 | OK | |||
r-release-macos-x86_64 | 2.3 | 146.00 | OK | |||
r-release-windows-x86_64 | 2.3 | 11.00 | 89.00 | 100.00 | OK | |
r-oldrel-macos-arm64 | 2.3 | 84.00 | OK | |||
r-oldrel-macos-x86_64 | 2.3 | 99.00 | OK | |||
r-oldrel-windows-x86_64 | 2.3 | 14.00 | 103.00 | 117.00 | OK |
Version: 2.3
Check: CRAN incoming feasibility
Result: NOTE
Maintainer: ‘Christian E. Galarza <cgalarza88@gmail.com>’
No Authors@R field in DESCRIPTION.
Please add one, modifying
Authors@R: c(person(given = c("Christian", "E."),
family = "Galarza",
role = c("aut", "cre"),
email = "cgalarza88@gmail.com"),
person(given = c("Victor", "H."),
family = "Lachos",
role = "aut",
email = "hlachos@ime.unicamp.br"))
as necessary.
Flavors: r-devel-linux-x86_64-debian-clang, r-devel-linux-x86_64-debian-gcc