Last updated on 2025-05-01 08:52:42 CEST.
Flavor | Version | Tinstall | Tcheck | Ttotal | Status | Flags |
---|---|---|---|---|---|---|
r-devel-linux-x86_64-debian-clang | 1.5.4 | 20.99 | 146.93 | 167.92 | NOTE | |
r-devel-linux-x86_64-debian-gcc | 1.5.4 | 14.90 | 107.28 | 122.18 | NOTE | |
r-devel-linux-x86_64-fedora-clang | 1.5.4 | 283.49 | OK | |||
r-devel-linux-x86_64-fedora-gcc | 1.5.4 | 269.84 | OK | |||
r-devel-windows-x86_64 | 1.5.4 | 21.00 | 161.00 | 182.00 | OK | |
r-patched-linux-x86_64 | 1.5.4 | 20.44 | 139.31 | 159.75 | OK | |
r-release-linux-x86_64 | OK | |||||
r-release-macos-arm64 | 1.5.4 | 74.00 | OK | |||
r-release-macos-x86_64 | 1.5.4 | 159.00 | OK | |||
r-release-windows-x86_64 | 1.5.4 | 21.00 | 162.00 | 183.00 | OK | |
r-oldrel-macos-arm64 | 1.5.4 | 74.00 | OK | |||
r-oldrel-macos-x86_64 | 1.5.4 | 109.00 | OK | |||
r-oldrel-windows-x86_64 | 1.5.4 | 27.00 | 190.00 | 217.00 | OK |
Version: 1.5.4
Check: CRAN incoming feasibility
Result: NOTE
Maintainer: ‘Brian S. Yandell <brian.yandell@wisc.edu>’
No Authors@R field in DESCRIPTION.
Please add one, modifying
Authors@R: c(person(given = c("Elias", "Chaibub"),
family = "Neto",
role = "aut",
email = "echaibub@hotmail.com"),
person(given = c("Brian", "S."),
family = "yandell",
role = c("aut", "cre"),
email = "brian.yandell@wisc.edu"))
as necessary.
Found the following URLs which should use \doi (with the DOI name only):
File ‘Pscdbp.Rd’:
http://dx.doi.org/10.1371/journal.pgen.0020130
http://dx.doi.org/10.1214/09-AOAS288
File ‘bic.Rd’:
http://dx.doi.org/10.1214/09-AOAS288
File ‘mcmc.Rd’:
http://dx.doi.org/10.1214/09-AOAS288
http://dx.doi.org/10.1007/s10994-008-5057-7
File ‘parents.Rd’:
http://dx.doi.org/10.1214/09-AOAS288
Flavors: r-devel-linux-x86_64-debian-clang, r-devel-linux-x86_64-debian-gcc
Version: 1.5.4
Check: examples
Result: NOTE
Examples with CPU (user + system) or elapsed time > 5s
user system elapsed
glxnet 5.851 0.55 9.375
Flavor: r-devel-linux-x86_64-debian-clang
Version: 1.5.4
Check: examples
Result: NA
user system elapsed
glxnet 3.755 0.359 5.062
OK
Flavor: r-devel-linux-x86_64-debian-gcc