Last updated on 2025-11-16 00:48:42 CET.
| Flavor | Version | Tinstall | Tcheck | Ttotal | Status | Flags |
|---|---|---|---|---|---|---|
| r-devel-linux-x86_64-debian-clang | 0.2.4 | 67.76 | 210.75 | 278.51 | OK | |
| r-devel-linux-x86_64-debian-gcc | 0.2.4 | 52.74 | 152.66 | 205.40 | OK | |
| r-devel-linux-x86_64-fedora-clang | 0.2.4 | 147.00 | 313.88 | 460.88 | OK | |
| r-devel-linux-x86_64-fedora-gcc | 0.2.4 | 157.00 | 301.72 | 458.72 | OK | |
| r-devel-windows-x86_64 | 0.2.4 | 86.00 | 197.00 | 283.00 | OK | |
| r-patched-linux-x86_64 | 0.2.4 | 74.35 | 197.91 | 272.26 | OK | |
| r-release-linux-x86_64 | 0.2.4 | 72.01 | 200.64 | 272.65 | OK | |
| r-release-macos-arm64 | 0.2.4 | 45.00 | 105.00 | 150.00 | OK | |
| r-release-macos-x86_64 | 0.2.4 | 64.00 | 158.00 | 222.00 | OK | |
| r-release-windows-x86_64 | 0.2.4 | 79.00 | 196.00 | 275.00 | OK | |
| r-oldrel-macos-arm64 | 0.2.4 | 41.00 | 83.00 | 124.00 | NOTE | |
| r-oldrel-macos-x86_64 | 0.2.4 | 50.00 | 124.00 | 174.00 | NOTE | |
| r-oldrel-windows-x86_64 | 0.2.4 | 84.00 | 250.00 | 334.00 | OK |
Version: 0.2.4
Check: installed package size
Result: NOTE
installed size is 6.4Mb
sub-directories of 1Mb or more:
libs 5.4Mb
Flavors: r-oldrel-macos-arm64, r-oldrel-macos-x86_64