Last updated on 2025-10-22 11:51:21 CEST.
Flavor | Version | Tinstall | Tcheck | Ttotal | Status | Flags |
---|---|---|---|---|---|---|
r-devel-linux-x86_64-debian-clang | 0.9.10 | 57.35 | 213.51 | 270.86 | NOTE | |
r-devel-linux-x86_64-debian-gcc | 0.9.10 | 35.20 | 159.75 | 194.95 | NOTE | |
r-devel-linux-x86_64-fedora-clang | 0.9.10 | 126.00 | 311.46 | 437.46 | OK | |
r-devel-linux-x86_64-fedora-gcc | 0.9.10 | 108.00 | 388.34 | 496.34 | OK | |
r-devel-windows-x86_64 | 0.9.10 | 62.00 | 254.00 | 316.00 | OK | |
r-patched-linux-x86_64 | 0.9.10 | 56.34 | 211.48 | 267.82 | OK | |
r-release-linux-x86_64 | 0.9.10 | 56.13 | 210.81 | 266.94 | OK | |
r-release-macos-arm64 | 0.9.10 | 24.00 | 176.00 | 200.00 | OK | |
r-release-macos-x86_64 | 0.9.10 | 34.00 | 437.00 | 471.00 | OK | |
r-release-windows-x86_64 | 0.9.10 | 63.00 | 252.00 | 315.00 | OK | |
r-oldrel-macos-arm64 | 0.9.10 | 21.00 | 136.00 | 157.00 | NOTE | |
r-oldrel-macos-x86_64 | 0.9.10 | 38.00 | 306.00 | 344.00 | NOTE | |
r-oldrel-windows-x86_64 | 0.9.10 | 76.00 | 338.00 | 414.00 | NOTE |
Version: 0.9.10
Check: HTML version of manual
Result: NOTE
Found the following HTML validation problems:
print.coefficients_textmodel.html:56:1 (print.coefficients_textmodel.Rd:15): Warning: missing </ul> before </div>
print.statistics_textmodel.html:56:1 (print.statistics_textmodel.Rd:15): Warning: missing </ul> before </div>
print.summary.textmodel.html:56:1 (print.summary.textmodel.Rd:15): Warning: missing </ul> before </div>
print.textmodel_wordfish.html:51:1 (print.textmodel_wordfish.Rd:12): Warning: missing </ul> before </div>
Flavors: r-devel-linux-x86_64-debian-clang, r-devel-linux-x86_64-debian-gcc
Version: 0.9.10
Check: installed package size
Result: NOTE
installed size is 7.6Mb
sub-directories of 1Mb or more:
data 3.8Mb
libs 3.4Mb
Flavors: r-oldrel-macos-arm64, r-oldrel-macos-x86_64, r-oldrel-windows-x86_64