Last updated on 2025-07-18 07:49:40 CEST.
Flavor | Version | Tinstall | Tcheck | Ttotal | Status | Flags |
---|---|---|---|---|---|---|
r-devel-linux-x86_64-debian-clang | 0.3.8 | 11.12 | 92.43 | 103.55 | OK | |
r-devel-linux-x86_64-debian-gcc | 0.3.8 | 7.70 | 65.87 | 73.57 | OK | |
r-devel-linux-x86_64-fedora-clang | 0.3.8 | 176.36 | OK | |||
r-devel-linux-x86_64-fedora-gcc | 0.3.8 | 154.05 | OK | |||
r-devel-windows-x86_64 | 0.3.8 | 11.00 | 98.00 | 109.00 | OK | |
r-patched-linux-x86_64 | 0.3.8 | 10.80 | 87.12 | 97.92 | OK | |
r-release-linux-x86_64 | 0.3.8 | 11.21 | 87.32 | 98.53 | OK | |
r-release-macos-arm64 | 0.3.8 | 42.00 | OK | |||
r-release-macos-x86_64 | 0.3.8 | 100.00 | OK | |||
r-release-windows-x86_64 | 0.3.8 | 13.00 | 97.00 | 110.00 | OK | |
r-oldrel-macos-arm64 | 0.3.8 | 50.00 | NOTE | |||
r-oldrel-macos-x86_64 | 0.3.8 | 95.00 | NOTE | |||
r-oldrel-windows-x86_64 | 0.3.8 | 16.00 | 123.00 | 139.00 | NOTE |
Version: 0.3.8
Check: package dependencies
Result: NOTE
Package suggested but not available for checking: ‘bootmlm’
Flavors: r-oldrel-macos-arm64, r-oldrel-macos-x86_64, r-oldrel-windows-x86_64