Last updated on 2025-11-16 06:49:50 CET.
| Flavor | Version | Tinstall | Tcheck | Ttotal | Status | Flags |
|---|---|---|---|---|---|---|
| r-devel-linux-x86_64-debian-clang | 0.1.1.3 | 8.27 | 83.60 | 91.87 | OK | |
| r-devel-linux-x86_64-debian-gcc | 0.1.1.3 | 5.44 | 59.51 | 64.95 | NOTE | |
| r-devel-linux-x86_64-fedora-clang | 0.1.1.3 | 72.00 | 85.19 | 157.19 | OK | |
| r-devel-linux-x86_64-fedora-gcc | 0.1.1.3 | 24.00 | 129.16 | 153.16 | OK | |
| r-devel-windows-x86_64 | 0.1.1.3 | 14.00 | 93.00 | 107.00 | OK | |
| r-patched-linux-x86_64 | 0.1.1.3 | 8.16 | 77.58 | 85.74 | OK | |
| r-release-linux-x86_64 | 0.1.1.3 | 6.29 | 77.41 | 83.70 | OK | |
| r-release-macos-arm64 | 0.1.1.3 | 4.00 | 63.00 | 67.00 | OK | |
| r-release-macos-x86_64 | 0.1.1.3 | 8.00 | 119.00 | 127.00 | OK | |
| r-release-windows-x86_64 | 0.1.1.3 | 11.00 | 112.00 | 123.00 | OK | |
| r-oldrel-macos-arm64 | 0.1.1.3 | 4.00 | 65.00 | 69.00 | OK | |
| r-oldrel-macos-x86_64 | 0.1.1.3 | 7.00 | 119.00 | 126.00 | OK | |
| r-oldrel-windows-x86_64 | 0.1.1.3 | 14.00 | 114.00 | 128.00 | OK |
Version: 0.1.1.3
Check: CRAN incoming feasibility
Result: NOTE
Maintainer: ‘Peyman Eshghi <peymaan.es@gmail.com>’
The BugReports field in DESCRIPTION has
https://github.com/johnsonandjohnson/rAccess/issues/
which should likely be
https://github.com/johnsonandjohnson/rAccess/issues/issues
instead.
Flavor: r-devel-linux-x86_64-debian-gcc