Last updated on 2025-04-29 13:51:37 CEST.
Flavor | Version | Tinstall | Tcheck | Ttotal | Status | Flags |
---|---|---|---|---|---|---|
r-devel-linux-x86_64-debian-clang | 0.1.0 | 2.60 | 21.06 | 23.66 | NOTE | |
r-devel-linux-x86_64-debian-gcc | 0.1.0 | 2.00 | 17.17 | 19.17 | NOTE | |
r-devel-linux-x86_64-fedora-clang | 0.1.0 | 38.18 | OK | |||
r-devel-linux-x86_64-fedora-gcc | 0.1.0 | 35.46 | OK | |||
r-devel-windows-x86_64 | 0.1.0 | 4.00 | 42.00 | 46.00 | OK | |
r-patched-linux-x86_64 | 0.1.0 | 2.70 | 20.44 | 23.14 | OK | |
r-release-linux-x86_64 | 0.1.0 | 2.52 | 20.54 | 23.06 | OK | |
r-release-macos-arm64 | 0.1.0 | 17.00 | OK | |||
r-release-macos-x86_64 | 0.1.0 | 24.00 | OK | |||
r-release-windows-x86_64 | 0.1.0 | 4.00 | 47.00 | 51.00 | OK | |
r-oldrel-macos-arm64 | 0.1.0 | 14.00 | OK | |||
r-oldrel-macos-x86_64 | 0.1.0 | 20.00 | OK | |||
r-oldrel-windows-x86_64 | 0.1.0 | 4.00 | 41.00 | 45.00 | OK |
Version: 0.1.0
Check: CRAN incoming feasibility
Result: NOTE
Maintainer: ‘Chi Seng Pun <cspun@ntu.edu.sg>’
No Authors@R field in DESCRIPTION.
Please add one, modifying
Authors@R: c(person(given = c("Chi", "Seng"),
family = "Pun",
role = c("aut", "cre"),
email = "cspun@ntu.edu.sg"),
person(given = c("Matthew", "Zakharia"),
family = "Hadimaja",
role = "aut"))
as necessary.
Flavors: r-devel-linux-x86_64-debian-clang, r-devel-linux-x86_64-debian-gcc