Last updated on 2025-11-16 06:49:52 CET.
| Flavor | Version | Tinstall | Tcheck | Ttotal | Status | Flags |
|---|---|---|---|---|---|---|
| r-devel-linux-x86_64-debian-clang | 5.0.0 | 3.38 | 21.71 | 25.09 | NOTE | |
| r-devel-linux-x86_64-debian-gcc | 5.0.0 | 2.61 | 17.85 | 20.46 | NOTE | |
| r-devel-linux-x86_64-fedora-clang | 5.0.0 | 36.76 | OK | |||
| r-devel-linux-x86_64-fedora-gcc | 5.0.0 | 35.74 | OK | |||
| r-devel-windows-x86_64 | 5.0.0 | 8.00 | 44.00 | 52.00 | OK | |
| r-patched-linux-x86_64 | 5.0.0 | 3.58 | 20.27 | 23.85 | OK | |
| r-release-linux-x86_64 | 5.0.0 | 3.51 | 20.01 | 23.52 | OK | |
| r-release-macos-arm64 | 5.0.0 | 3.00 | 16.00 | 19.00 | OK | |
| r-release-macos-x86_64 | 5.0.0 | 5.00 | 22.00 | 27.00 | OK | |
| r-release-windows-x86_64 | 5.0.0 | 6.00 | 46.00 | 52.00 | OK | |
| r-oldrel-macos-arm64 | 5.0.0 | 3.00 | 13.00 | 16.00 | OK | |
| r-oldrel-macos-x86_64 | 5.0.0 | 4.00 | 21.00 | 25.00 | OK | |
| r-oldrel-windows-x86_64 | 5.0.0 | 6.00 | 51.00 | 57.00 | OK |
Version: 5.0.0
Check: CRAN incoming feasibility
Result: NOTE
Maintainer: ‘Miron Bartosz Kursa <M.Kursa@icm.edu.pl>’
Package CITATION file contains call(s) to old-style personList() or
as.personList(). Please use c() on person objects instead.
Package CITATION file contains call(s) to old-style citEntry(). Please
use bibentry() instead.
Flavors: r-devel-linux-x86_64-debian-clang, r-devel-linux-x86_64-debian-gcc