Last updated on 2025-11-18 01:48:45 CET.
| Flavor | Version | Tinstall | Tcheck | Ttotal | Status | Flags |
|---|---|---|---|---|---|---|
| r-devel-linux-x86_64-debian-clang | 2.22.12 | 4.94 | 76.14 | 81.08 | NOTE | |
| r-devel-linux-x86_64-debian-gcc | 2.22.12 | 3.40 | 57.43 | 60.83 | NOTE | |
| r-devel-linux-x86_64-fedora-clang | 2.22.12 | 11.00 | 105.50 | 116.50 | OK | |
| r-devel-linux-x86_64-fedora-gcc | 2.22.12 | 11.00 | 115.74 | 126.74 | OK | |
| r-devel-windows-x86_64 | 2.22.12 | 5.00 | 161.00 | 166.00 | OK | |
| r-patched-linux-x86_64 | 2.22.12 | 5.36 | 72.50 | 77.86 | OK | |
| r-release-linux-x86_64 | 2.22.12 | 4.74 | 72.54 | 77.28 | OK | |
| r-release-macos-arm64 | 2.22.12 | 2.00 | 50.00 | 52.00 | OK | |
| r-release-macos-x86_64 | 2.22.12 | 5.00 | 132.00 | 137.00 | OK | |
| r-release-windows-x86_64 | 2.22.12 | 6.00 | 158.00 | 164.00 | OK | |
| r-oldrel-macos-arm64 | 2.22.12 | 2.00 | 43.00 | 45.00 | OK | |
| r-oldrel-macos-x86_64 | 2.22.12 | 3.00 | 114.00 | 117.00 | OK | |
| r-oldrel-windows-x86_64 | 2.22.12 | 5.00 | 168.00 | 173.00 | OK |
Version: 2.22.12
Check: CRAN incoming feasibility
Result: NOTE
Maintainer: ‘Chanseok Park <statpnu@gmail.com>’
Package CITATION file contains call(s) to old-style personList() or
as.personList(). Please use c() on person objects instead.
Package CITATION file contains call(s) to old-style citEntry(). Please
use bibentry() instead.
Flavors: r-devel-linux-x86_64-debian-clang, r-devel-linux-x86_64-debian-gcc