Last updated on 2025-10-02 10:49:32 CEST.
Flavor | Version | Tinstall | Tcheck | Ttotal | Status | Flags |
---|---|---|---|---|---|---|
r-devel-linux-x86_64-debian-clang | 0.1.1 | 5.51 | 59.67 | 65.18 | OK | |
r-devel-linux-x86_64-debian-gcc | 0.1.1 | 4.15 | 43.63 | 47.78 | OK | |
r-devel-linux-x86_64-fedora-clang | 0.1.1 | 96.59 | NOTE | |||
r-devel-linux-x86_64-fedora-gcc | 0.1.1 | 107.21 | NOTE | |||
r-devel-windows-x86_64 | 0.1.1 | 11.00 | 78.00 | 89.00 | OK | |
r-patched-linux-x86_64 | 0.1.1 | 5.51 | 54.01 | 59.52 | OK | |
r-release-linux-x86_64 | 0.1.1 | 4.62 | 54.13 | 58.75 | OK | |
r-release-macos-arm64 | 0.1.1 | 46.00 | OK | |||
r-release-macos-x86_64 | 0.1.1 | 104.00 | OK | |||
r-release-windows-x86_64 | 0.1.1 | 9.00 | 78.00 | 87.00 | OK | |
r-oldrel-macos-arm64 | 0.1.1 | 42.00 | OK | |||
r-oldrel-macos-x86_64 | 0.1.1 | 68.00 | OK | |||
r-oldrel-windows-x86_64 | 0.1.1 | 14.00 | 95.00 | 109.00 | OK |
Version: 0.1.1
Check: dependencies in R code
Result: NOTE
Namespace in Imports field not imported from: ‘readr’
All declared Imports should be used.
Flavors: r-devel-linux-x86_64-fedora-clang, r-devel-linux-x86_64-fedora-gcc