Last updated on 2025-10-25 00:49:48 CEST.
| Flavor | Version | Tinstall | Tcheck | Ttotal | Status | Flags |
|---|---|---|---|---|---|---|
| r-devel-linux-x86_64-debian-clang | 4.23.1-4 | 115.19 | 146.64 | 261.83 | OK | |
| r-devel-linux-x86_64-debian-gcc | 4.23.1-4 | 87.42 | 95.19 | 182.61 | OK | |
| r-devel-linux-x86_64-fedora-clang | 4.23.1-4 | 170.00 | 276.87 | 446.87 | OK | |
| r-devel-linux-x86_64-fedora-gcc | 4.23.1-4 | 204.00 | 260.35 | 464.35 | OK | |
| r-devel-windows-x86_64 | 4.23.1-4 | 121.00 | 188.00 | 309.00 | OK | |
| r-patched-linux-x86_64 | 4.23.1-4 | 122.09 | 137.72 | 259.81 | OK | |
| r-release-linux-x86_64 | 4.23.1-4 | 121.42 | 137.30 | 258.72 | OK | |
| r-release-macos-arm64 | 4.23.1-4 | 43.00 | 76.00 | 119.00 | OK | |
| r-release-macos-x86_64 | 4.23.1-4 | 70.00 | 151.00 | 221.00 | OK | |
| r-release-windows-x86_64 | 4.23.1-4 | 124.00 | 185.00 | 309.00 | OK | |
| r-oldrel-macos-arm64 | 4.23.1-4 | 41.00 | 68.00 | 109.00 | NOTE | |
| r-oldrel-macos-x86_64 | 4.23.1-4 | 78.00 | 173.00 | 251.00 | NOTE | |
| r-oldrel-windows-x86_64 | 4.23.1-4 | 121.00 | 254.00 | 375.00 | NOTE |
Version: 4.23.1-4
Check: installed package size
Result: NOTE
installed size is 29.9Mb
sub-directories of 1Mb or more:
doc 7.8Mb
libs 21.2Mb
Flavors: r-oldrel-macos-arm64, r-oldrel-macos-x86_64, r-oldrel-windows-x86_64
Version: 4.23.1-4
Check: for GNU extensions in Makefiles
Result: NOTE
GNU make is a SystemRequirements.
Flavors: r-oldrel-macos-arm64, r-oldrel-macos-x86_64, r-oldrel-windows-x86_64