Last updated on 2024-06-27 16:49:14 CEST.
Flavor | Version | Tinstall | Tcheck | Ttotal | Status | Flags |
---|---|---|---|---|---|---|
r-devel-linux-x86_64-debian-clang | 4.23.1-2 | NOTE | ||||
r-devel-linux-x86_64-debian-gcc | 4.23.1-2 | 123.32 | 144.70 | 268.02 | NOTE | |
r-devel-linux-x86_64-fedora-clang | 4.23.1-2 | 517.26 | NOTE | |||
r-devel-linux-x86_64-fedora-gcc | 4.23.1-2 | 527.01 | NOTE | |||
r-devel-windows-x86_64 | 4.23.1-2 | 125.00 | 201.00 | 326.00 | NOTE | |
r-patched-linux-x86_64 | 4.23.1-2 | 143.79 | 192.35 | 336.14 | NOTE | |
r-release-linux-x86_64 | 4.23.1-2 | 154.87 | 199.31 | 354.18 | NOTE | |
r-release-macos-arm64 | 4.23.1-2 | 116.00 | NOTE | |||
r-release-macos-x86_64 | 4.23.1-2 | 170.00 | NOTE | |||
r-release-windows-x86_64 | 4.23.1-2 | 125.00 | 202.00 | 327.00 | NOTE | |
r-oldrel-macos-arm64 | 4.23.1-2 | 122.00 | NOTE | |||
r-oldrel-macos-x86_64 | 4.23.1-2 | 237.00 | NOTE | |||
r-oldrel-windows-x86_64 | 4.23.1-2 | 138.00 | 256.00 | 394.00 | NOTE |
Version: 4.23.1-2
Check: C++ specification
Result: NOTE
Specified C++11: please drop specification unless essential
Flavors: r-devel-linux-x86_64-debian-clang, r-devel-linux-x86_64-debian-gcc, r-devel-linux-x86_64-fedora-clang, r-devel-linux-x86_64-fedora-gcc, r-devel-windows-x86_64, r-patched-linux-x86_64, r-release-linux-x86_64, r-release-macos-arm64, r-release-macos-x86_64, r-release-windows-x86_64, r-oldrel-macos-arm64, r-oldrel-macos-x86_64, r-oldrel-windows-x86_64
Version: 4.23.1-2
Check: for GNU extensions in Makefiles
Result: NOTE
GNU make is a SystemRequirements.
Flavors: r-devel-linux-x86_64-debian-clang, r-devel-linux-x86_64-debian-gcc, r-devel-linux-x86_64-fedora-clang, r-devel-linux-x86_64-fedora-gcc, r-devel-windows-x86_64, r-patched-linux-x86_64, r-release-linux-x86_64, r-release-macos-arm64, r-release-macos-x86_64, r-release-windows-x86_64, r-oldrel-macos-arm64, r-oldrel-macos-x86_64, r-oldrel-windows-x86_64
Version: 4.23.1-2
Check: installed package size
Result: NOTE
installed size is 11.5Mb
sub-directories of 1Mb or more:
doc 7.9Mb
libs 2.8Mb
Flavors: r-devel-linux-x86_64-fedora-clang, r-devel-windows-x86_64, r-release-macos-arm64, r-release-macos-x86_64, r-release-windows-x86_64, r-oldrel-macos-arm64, r-oldrel-macos-x86_64, r-oldrel-windows-x86_64