Last updated on 2025-10-25 00:49:48 CEST.
| Flavor | Version | Tinstall | Tcheck | Ttotal | Status | Flags |
|---|---|---|---|---|---|---|
| r-devel-linux-x86_64-debian-clang | 0.1.2 | 5.78 | 54.71 | 60.49 | OK | |
| r-devel-linux-x86_64-debian-gcc | 0.1.2 | 4.26 | 42.11 | 46.37 | OK | |
| r-devel-linux-x86_64-fedora-clang | 0.1.2 | 16.00 | 73.59 | 89.59 | OK | |
| r-devel-linux-x86_64-fedora-gcc | 0.1.2 | 12.00 | 72.70 | 84.70 | OK | |
| r-devel-windows-x86_64 | 0.1.2 | 7.00 | 70.00 | 77.00 | OK | |
| r-patched-linux-x86_64 | 0.1.2 | 5.55 | 51.41 | 56.96 | OK | |
| r-release-linux-x86_64 | 0.1.2 | 6.04 | 51.05 | 57.09 | OK | |
| r-release-macos-arm64 | 0.1.2 | 3.00 | 28.00 | 31.00 | OK | |
| r-release-macos-x86_64 | 0.1.2 | 6.00 | 50.00 | 56.00 | OK | |
| r-release-windows-x86_64 | 0.1.2 | 8.00 | 72.00 | 80.00 | OK | |
| r-oldrel-macos-arm64 | 0.1.2 | 3.00 | 26.00 | 29.00 | NOTE | |
| r-oldrel-macos-x86_64 | 0.1.2 | 5.00 | 40.00 | 45.00 | NOTE | |
| r-oldrel-windows-x86_64 | 0.1.2 | 9.00 | 87.00 | 96.00 | NOTE |
Version: 0.1.2
Check: LazyData
Result: NOTE
'LazyData' is specified without a 'data' directory
Flavors: r-oldrel-macos-arm64, r-oldrel-macos-x86_64, r-oldrel-windows-x86_64