Last updated on 2025-11-16 06:49:50 CET.
| Flavor | Version | Tinstall | Tcheck | Ttotal | Status | Flags |
|---|---|---|---|---|---|---|
| r-devel-linux-x86_64-debian-clang | 1.6.6 | 15.40 | 127.95 | 143.35 | OK | |
| r-devel-linux-x86_64-debian-gcc | 1.6.6 | 10.47 | 89.67 | 100.14 | NOTE | |
| r-devel-linux-x86_64-fedora-clang | 1.6.6 | 117.00 | 128.44 | 245.44 | OK | |
| r-devel-linux-x86_64-fedora-gcc | 1.6.6 | 41.00 | 167.59 | 208.59 | OK | |
| r-devel-windows-x86_64 | 1.6.6 | 21.00 | 140.00 | 161.00 | OK | |
| r-patched-linux-x86_64 | 1.6.6 | 16.95 | 120.93 | 137.88 | OK | |
| r-release-linux-x86_64 | 1.6.6 | 14.56 | 120.19 | 134.75 | OK | |
| r-release-macos-arm64 | 1.6.6 | 9.00 | 43.00 | 52.00 | OK | |
| r-release-macos-x86_64 | 1.6.6 | 12.00 | 93.00 | 105.00 | OK | |
| r-release-windows-x86_64 | 1.6.6 | 20.00 | 137.00 | 157.00 | OK | |
| r-oldrel-macos-arm64 | 1.6.6 | 6.00 | 45.00 | 51.00 | OK | |
| r-oldrel-macos-x86_64 | 1.6.6 | 9.00 | 66.00 | 75.00 | OK | |
| r-oldrel-windows-x86_64 | 1.6.6 | 28.00 | 175.00 | 203.00 | OK |
Version: 1.6.6
Check: CRAN incoming feasibility
Result: NOTE
Maintainer: ‘Vincent Nijs <radiant@rady.ucsd.edu>’
The BugReports field in DESCRIPTION has
https://github.com/radiant-rstats/radiant.basics/issues/
which should likely be
https://github.com/radiant-rstats/radiant.basics/issues/issues
instead.
Flavor: r-devel-linux-x86_64-debian-gcc