Last updated on 2025-11-16 00:48:42 CET.
| Flavor | Version | Tinstall | Tcheck | Ttotal | Status | Flags |
|---|---|---|---|---|---|---|
| r-devel-linux-x86_64-debian-clang | 1.6.8 | 27.46 | 204.28 | 231.74 | NOTE | |
| r-devel-linux-x86_64-debian-gcc | 1.6.8 | 19.48 | 146.21 | 165.69 | NOTE | |
| r-devel-linux-x86_64-fedora-clang | 1.6.8 | 115.00 | 288.88 | 403.88 | OK | |
| r-devel-linux-x86_64-fedora-gcc | 1.6.8 | 127.00 | 247.01 | 374.01 | OK | |
| r-devel-windows-x86_64 | 1.6.8 | 36.00 | 218.00 | 254.00 | NOTE | |
| r-patched-linux-x86_64 | 1.6.8 | 29.77 | 195.89 | 225.66 | OK | |
| r-release-linux-x86_64 | 1.6.8 | 24.96 | 194.75 | 219.71 | OK | |
| r-release-macos-arm64 | 1.6.8 | 11.00 | 65.00 | 76.00 | OK | |
| r-release-macos-x86_64 | 1.6.8 | 29.00 | 159.00 | 188.00 | OK | |
| r-release-windows-x86_64 | 1.6.8 | 32.00 | 213.00 | 245.00 | OK | |
| r-oldrel-macos-arm64 | 1.6.8 | 13.00 | 70.00 | 83.00 | NOTE | |
| r-oldrel-macos-x86_64 | 1.6.8 | 29.00 | 170.00 | 199.00 | NOTE | |
| r-oldrel-windows-x86_64 | 1.6.8 | 44.00 | 278.00 | 322.00 | NOTE |
Version: 1.6.8
Check: Rd files
Result: NOTE
checkRd: (-1) radiant.model-deprecated.Rd:19-22: Only 2 columns allowed in this table (row 1 has 1)
checkRd: (-1) radiant.model-deprecated.Rd:19-22: Only 2 columns allowed in this table (row 2 has 1)
Flavors: r-devel-linux-x86_64-debian-clang, r-devel-windows-x86_64
Version: 1.6.8
Check: CRAN incoming feasibility
Result: NOTE
Maintainer: ‘Vincent Nijs <radiant@rady.ucsd.edu>’
The BugReports field in DESCRIPTION has
https://github.com/radiant-rstats/radiant.model/issues/
which should likely be
https://github.com/radiant-rstats/radiant.model/issues/issues
instead.
Flavor: r-devel-linux-x86_64-debian-gcc
Version: 1.6.8
Check: installed package size
Result: NOTE
installed size is 11.1Mb
sub-directories of 1Mb or more:
app 10.0Mb
Flavors: r-oldrel-macos-arm64, r-oldrel-macos-x86_64, r-oldrel-windows-x86_64