Last updated on 2025-10-01 21:50:24 CEST.
Flavor | Version | Tinstall | Tcheck | Ttotal | Status | Flags |
---|---|---|---|---|---|---|
r-devel-linux-x86_64-debian-clang | 3.4.1 | 42.20 | 106.36 | 148.56 | OK | |
r-devel-linux-x86_64-debian-gcc | 3.4.2 | 34.35 | 67.27 | 101.62 | OK | |
r-devel-linux-x86_64-fedora-clang | 3.4.2 | 235.90 | OK | |||
r-devel-linux-x86_64-fedora-gcc | 3.4.2 | 235.60 | OK | |||
r-devel-windows-x86_64 | 3.4.1 | 57.00 | 124.00 | 181.00 | OK | |
r-patched-linux-x86_64 | 3.4.1 | 48.93 | 100.83 | 149.76 | OK | |
r-release-linux-x86_64 | 3.4.1 | 46.10 | 101.71 | 147.81 | OK | |
r-release-macos-arm64 | 3.4.1 | 67.00 | OK | |||
r-release-macos-x86_64 | 3.4.2 | 157.00 | OK | |||
r-release-windows-x86_64 | 3.4.2 | 72.00 | 119.00 | 191.00 | OK | |
r-oldrel-macos-arm64 | 3.4.1 | 69.00 | OK | |||
r-oldrel-macos-x86_64 | 3.4.2 | 135.00 | OK | |||
r-oldrel-windows-x86_64 | 3.4.2 | 80.00 | 136.00 | 216.00 | WARN |
Version: 3.4.2
Check: whether package can be installed
Result: WARN
Found the following significant warnings:
trace.h:36:1: warning: function declaration isn't a prototype [-Wstrict-prototypes]
trace.h:37:1: warning: function declaration isn't a prototype [-Wstrict-prototypes]
trace.h:38:1: warning: function declaration isn't a prototype [-Wstrict-prototypes]
trace.c:54:8: warning: function declaration isn't a prototype [-Wstrict-prototypes]
trace.c:57:8: warning: function declaration isn't a prototype [-Wstrict-prototypes]
trace.c:60:8: warning: function declaration isn't a prototype [-Wstrict-prototypes]
See 'd:/Rcompile/CRANpkg/local/4.4/randomForestSRC.Rcheck/00install.out' for details.
* used C compiler: 'gcc.exe (GCC) 13.3.0'
Flavor: r-oldrel-windows-x86_64