Last updated on 2025-11-16 12:49:41 CET.
| Flavor | Version | Tinstall | Tcheck | Ttotal | Status | Flags |
|---|---|---|---|---|---|---|
| r-devel-linux-x86_64-debian-clang | 0.1.1 | 8.21 | 73.63 | 81.84 | NOTE | |
| r-devel-linux-x86_64-debian-gcc | 0.1.1 | 6.26 | 54.45 | 60.71 | NOTE | |
| r-devel-linux-x86_64-fedora-clang | 0.1.1 | 17.00 | 111.56 | 128.56 | OK | |
| r-devel-linux-x86_64-fedora-gcc | 0.1.1 | 20.00 | 102.21 | 122.21 | OK | |
| r-devel-windows-x86_64 | 0.1.1 | 12.00 | 78.00 | 90.00 | OK | |
| r-patched-linux-x86_64 | 0.1.1 | 8.14 | 69.81 | 77.95 | OK | |
| r-release-linux-x86_64 | 0.1.1 | 7.31 | 69.72 | 77.03 | OK | |
| r-release-macos-arm64 | 0.1.1 | 4.00 | 37.00 | 41.00 | OK | |
| r-release-macos-x86_64 | 0.1.1 | 9.00 | 70.00 | 79.00 | OK | |
| r-release-windows-x86_64 | 0.1.1 | 10.00 | 80.00 | 90.00 | OK | |
| r-oldrel-macos-arm64 | 0.1.1 | 4.00 | 32.00 | 36.00 | OK | |
| r-oldrel-macos-x86_64 | 0.1.1 | 10.00 | 82.00 | 92.00 | OK | |
| r-oldrel-windows-x86_64 | 0.1.1 | 13.00 | 98.00 | 111.00 | OK |
Version: 0.1.1
Check: CRAN incoming feasibility
Result: NOTE
Maintainer: ‘Frank Konietschke <frank.konietschke@charite.de>’
No Authors@R field in DESCRIPTION.
Please add one, modifying
Authors@R: c(person(given = "Frank",
family = "Konietschke",
role = c("aut", "cre"),
email = "frank.konietschke@charite.de"),
person(given = "Sarah",
family = "Friedrich",
role = "aut"),
person(given = "Edgar",
family = "Brunner",
role = "aut"),
person(given = "Markus",
family = "Pauly",
role = "aut"))
as necessary.
Flavors: r-devel-linux-x86_64-debian-clang, r-devel-linux-x86_64-debian-gcc