Last updated on 2024-07-13 05:49:23 CEST.
Flavor | Version | Tinstall | Tcheck | Ttotal | Status | Flags |
---|---|---|---|---|---|---|
r-devel-linux-x86_64-debian-clang | 2021-11-25 | 8.67 | 81.35 | 90.02 | OK | |
r-devel-linux-x86_64-debian-gcc | 2021-11-25 | 6.37 | 61.50 | 67.87 | OK | |
r-devel-linux-x86_64-fedora-clang | 2021-11-25 | 110.96 | OK | |||
r-devel-linux-x86_64-fedora-gcc | 2021-11-25 | 103.68 | OK | |||
r-devel-windows-x86_64 | 2021-11-25 | 8.00 | 76.00 | 84.00 | NOTE | |
r-patched-linux-x86_64 | 2021-11-25 | 12.69 | 78.32 | 91.01 | OK | |
r-release-linux-x86_64 | 2021-11-25 | 8.44 | 77.45 | 85.89 | OK | |
r-release-macos-arm64 | 2021-11-25 | 35.00 | OK | |||
r-release-macos-x86_64 | 2021-11-25 | 81.00 | OK | |||
r-release-windows-x86_64 | 2021-11-25 | 9.00 | 77.00 | 86.00 | OK | |
r-oldrel-macos-arm64 | 2021-11-25 | 37.00 | OK | |||
r-oldrel-macos-x86_64 | 2021-11-25 | 61.00 | OK | |||
r-oldrel-windows-x86_64 | 2021-11-25 | 10.00 | 87.00 | 97.00 | OK |
Version: 2021-11-25
Check: Rd cross-references
Result: NOTE
Found the following Rd file(s) with Rd \link{} targets missing package
anchors:
rdt.Rd: IndependenceTest-class
Please provide package anchors for all Rd \link{} targets not in the
package itself and the base packages.
Flavor: r-devel-windows-x86_64