Last updated on 2025-11-16 12:49:41 CET.
| Flavor | Version | Tinstall | Tcheck | Ttotal | Status | Flags |
|---|---|---|---|---|---|---|
| r-devel-linux-x86_64-debian-clang | 1.1.0 | 1.50 | 28.23 | 29.73 | NOTE | |
| r-devel-linux-x86_64-debian-gcc | 1.1.0 | 1.47 | 22.57 | 24.04 | NOTE | |
| r-devel-linux-x86_64-fedora-clang | 1.1.0 | 45.46 | NOTE | |||
| r-devel-linux-x86_64-fedora-gcc | 1.1.0 | 43.30 | NOTE | |||
| r-devel-windows-x86_64 | 1.1.0 | 5.00 | 50.00 | 55.00 | NOTE | |
| r-patched-linux-x86_64 | 1.1.0 | 1.75 | 27.49 | 29.24 | NOTE | |
| r-release-linux-x86_64 | 1.1.0 | 1.85 | 27.10 | 28.95 | NOTE | |
| r-release-macos-arm64 | 1.1.0 | 1.00 | 18.00 | 19.00 | NOTE | |
| r-release-macos-x86_64 | 1.1.0 | 2.00 | 33.00 | 35.00 | NOTE | |
| r-release-windows-x86_64 | 1.1.0 | 4.00 | 50.00 | 54.00 | NOTE | |
| r-oldrel-macos-arm64 | 1.1.0 | 1.00 | 18.00 | 19.00 | NOTE | |
| r-oldrel-macos-x86_64 | 1.1.0 | 2.00 | 25.00 | 27.00 | NOTE | |
| r-oldrel-windows-x86_64 | 1.1.0 | 4.00 | 56.00 | 60.00 | NOTE |
Version: 1.1.0
Check: Rd files
Result: NOTE
checkRd: (-1) grottaBar.Rd:69: Lost braces in \itemize; meant \describe ?
checkRd: (-1) grottaBar.Rd:70: Lost braces in \itemize; meant \describe ?
checkRd: (-1) grottaBar.Rd:71: Lost braces in \itemize; meant \describe ?
checkRd: (-1) grottaBar.Rd:79: Lost braces in \itemize; meant \describe ?
checkRd: (-1) grottaBar.Rd:80: Lost braces in \itemize; meant \describe ?
checkRd: (-1) grottaBar.Rd:81: Lost braces in \itemize; meant \describe ?
checkRd: (-1) grottaBar.Rd:82: Lost braces in \itemize; meant \describe ?
checkRd: (-1) grottaBar.Rd:83: Lost braces in \itemize; meant \describe ?
Flavors: r-devel-linux-x86_64-debian-clang, r-devel-linux-x86_64-debian-gcc, r-devel-linux-x86_64-fedora-clang, r-devel-linux-x86_64-fedora-gcc, r-devel-windows-x86_64, r-patched-linux-x86_64, r-release-linux-x86_64, r-release-macos-arm64, r-release-macos-x86_64, r-release-windows-x86_64, r-oldrel-macos-arm64, r-oldrel-macos-x86_64, r-oldrel-windows-x86_64