Last updated on 2025-04-29 19:50:42 CEST.
Flavor | Version | Tinstall | Tcheck | Ttotal | Status | Flags |
---|---|---|---|---|---|---|
r-devel-linux-x86_64-debian-clang | 0.3.2 | 31.10 | 243.81 | 274.91 | NOTE | |
r-devel-linux-x86_64-debian-gcc | 0.3.2 | 18.53 | 153.94 | 172.47 | NOTE | |
r-devel-linux-x86_64-fedora-clang | 0.3.2 | 456.51 | OK | |||
r-devel-linux-x86_64-fedora-gcc | 0.3.2 | 407.29 | OK | |||
r-devel-windows-x86_64 | 0.3.2 | 26.00 | 184.00 | 210.00 | OK | |
r-patched-linux-x86_64 | 0.3.2 | 27.67 | 230.63 | 258.30 | OK | |
r-release-linux-x86_64 | 0.3.2 | 25.25 | 228.00 | 253.25 | OK | |
r-release-macos-arm64 | 0.3.2 | 96.00 | OK | |||
r-release-macos-x86_64 | 0.3.2 | 233.00 | OK | |||
r-release-windows-x86_64 | 0.3.2 | 26.00 | 191.00 | 217.00 | OK | |
r-oldrel-macos-arm64 | 0.3.2 | 82.00 | OK | |||
r-oldrel-macos-x86_64 | 0.3.2 | 139.00 | OK | |||
r-oldrel-windows-x86_64 | 0.3.2 | 35.00 | 252.00 | 287.00 | OK |
Version: 0.3.2
Check: CRAN incoming feasibility
Result: NOTE
Maintainer: ‘Joshua O'Brien <joshmobrien@gmail.com>’
No Authors@R field in DESCRIPTION.
Please add one, modifying
Authors@R: person(given = "Joshua",
family = "O'Brien",
role = c("aut", "cre"),
email = "joshmobrien@gmail.com")
as necessary.
Flavors: r-devel-linux-x86_64-debian-clang, r-devel-linux-x86_64-debian-gcc