Last updated on 2025-04-29 13:51:36 CEST.
Flavor | Version | Tinstall | Tcheck | Ttotal | Status | Flags |
---|---|---|---|---|---|---|
r-devel-linux-x86_64-debian-clang | 1.1 | 1.76 | 20.20 | 21.96 | NOTE | |
r-devel-linux-x86_64-debian-gcc | 1.1 | 1.31 | 16.59 | 17.90 | NOTE | |
r-devel-linux-x86_64-fedora-clang | 1.1 | 37.05 | OK | |||
r-devel-linux-x86_64-fedora-gcc | 1.1 | 46.31 | OK | |||
r-devel-windows-x86_64 | 1.1 | 3.00 | 50.00 | 53.00 | OK | |
r-patched-linux-x86_64 | 1.1 | 1.68 | 19.39 | 21.07 | OK | |
r-release-linux-x86_64 | 1.1 | 1.59 | 19.19 | 20.78 | OK | |
r-release-macos-arm64 | 1.1 | 27.00 | OK | |||
r-release-macos-x86_64 | 1.1 | 39.00 | OK | |||
r-release-windows-x86_64 | 1.1 | 2.00 | 56.00 | 58.00 | OK | |
r-oldrel-macos-arm64 | 1.1 | 19.00 | OK | |||
r-oldrel-macos-x86_64 | 1.1 | 30.00 | OK | |||
r-oldrel-windows-x86_64 | 1.1 | 3.00 | 49.00 | 52.00 | OK |
Version: 1.1
Check: CRAN incoming feasibility
Result: NOTE
Maintainer: ‘Michael Fay <mfay@niaid.nih.gov>’
No Authors@R field in DESCRIPTION.
Please add one, modifying
Authors@R: person(given = "Michael",
family = "Fay",
role = c("aut", "cre"),
email = "mfay@niaid.nih.gov")
as necessary.
Flavors: r-devel-linux-x86_64-debian-clang, r-devel-linux-x86_64-debian-gcc