Last updated on 2024-07-13 11:49:24 CEST.
Flavor | Version | Tinstall | Tcheck | Ttotal | Status | Flags |
---|---|---|---|---|---|---|
r-devel-linux-x86_64-debian-clang | 1.0.0 | 121.87 | 125.94 | 247.81 | OK | |
r-devel-linux-x86_64-debian-gcc | 1.0.0 | 101.07 | 93.77 | 194.84 | OK | |
r-devel-linux-x86_64-fedora-clang | 1.0.0 | 329.18 | OK | |||
r-devel-linux-x86_64-fedora-gcc | 1.0.0 | 355.87 | OK | |||
r-devel-windows-x86_64 | 1.0.0 | 95.00 | 136.00 | 231.00 | OK | |
r-patched-linux-x86_64 | 1.0.0 | 86.68 | 120.22 | 206.90 | OK | |
r-release-linux-x86_64 | 1.0.0 | 85.66 | 120.33 | 205.99 | OK | |
r-release-macos-arm64 | 1.0.0 | 88.00 | NOTE | |||
r-release-macos-x86_64 | 1.0.0 | 127.00 | NOTE | |||
r-release-windows-x86_64 | 1.0.0 | 88.00 | 139.00 | 227.00 | OK | |
r-oldrel-macos-arm64 | 1.0.0 | 97.00 | NOTE | |||
r-oldrel-macos-x86_64 | 1.0.0 | 224.00 | NOTE | |||
r-oldrel-windows-x86_64 | 1.0.0 | 118.00 | 167.00 | 285.00 | OK |
Version: 1.0.0
Check: installed package size
Result: NOTE
installed size is 23.4Mb
sub-directories of 1Mb or more:
libs 22.7Mb
Flavors: r-release-macos-arm64, r-release-macos-x86_64, r-oldrel-macos-arm64, r-oldrel-macos-x86_64