Last updated on 2025-11-16 12:49:41 CET.
| Flavor | Version | Tinstall | Tcheck | Ttotal | Status | Flags |
|---|---|---|---|---|---|---|
| r-devel-linux-x86_64-debian-clang | 0.1.0 | 3.67 | 34.08 | 37.75 | OK | |
| r-devel-linux-x86_64-debian-gcc | 0.1.0 | 2.44 | 26.06 | 28.50 | OK | |
| r-devel-linux-x86_64-fedora-clang | 0.1.0 | 56.67 | NOTE | |||
| r-devel-linux-x86_64-fedora-gcc | 0.1.0 | 52.49 | NOTE | |||
| r-devel-windows-x86_64 | 0.1.0 | 8.00 | 50.00 | 58.00 | OK | |
| r-patched-linux-x86_64 | 0.1.0 | 4.11 | 31.70 | 35.81 | OK | |
| r-release-linux-x86_64 | 0.1.0 | 3.81 | 31.50 | 35.31 | OK | |
| r-release-macos-arm64 | 0.1.0 | 2.00 | 20.00 | 22.00 | OK | |
| r-release-macos-x86_64 | 0.1.0 | 4.00 | 31.00 | 35.00 | OK | |
| r-release-windows-x86_64 | 0.1.0 | 5.00 | 48.00 | 53.00 | OK | |
| r-oldrel-macos-arm64 | 0.1.0 | 2.00 | 23.00 | 25.00 | NOTE | |
| r-oldrel-macos-x86_64 | 0.1.0 | 5.00 | 49.00 | 54.00 | NOTE | |
| r-oldrel-windows-x86_64 | 0.1.0 | 7.00 | 58.00 | 65.00 | NOTE |
Version: 0.1.0
Check: dependencies in R code
Result: NOTE
Namespace in Imports field not imported from: ‘tidyr’
All declared Imports should be used.
Flavors: r-devel-linux-x86_64-fedora-clang, r-devel-linux-x86_64-fedora-gcc
Version: 0.1.0
Check: LazyData
Result: NOTE
'LazyData' is specified without a 'data' directory
Flavors: r-oldrel-macos-arm64, r-oldrel-macos-x86_64, r-oldrel-windows-x86_64