Last updated on 2025-04-29 13:51:36 CEST.
Flavor | Version | Tinstall | Tcheck | Ttotal | Status | Flags |
---|---|---|---|---|---|---|
r-devel-linux-x86_64-debian-clang | 1.0.0 | 1.80 | 24.55 | 26.35 | NOTE | |
r-devel-linux-x86_64-debian-gcc | 1.0.0 | 1.52 | 18.71 | 20.23 | NOTE | |
r-devel-linux-x86_64-fedora-clang | 1.0.0 | 43.78 | NOTE | |||
r-devel-linux-x86_64-fedora-gcc | 1.0.0 | 40.11 | NOTE | |||
r-devel-windows-x86_64 | 1.0.0 | 2.00 | 48.00 | 50.00 | OK | |
r-patched-linux-x86_64 | 1.0.0 | 1.72 | 23.22 | 24.94 | NOTE | |
r-release-linux-x86_64 | 1.0.0 | 1.83 | 23.22 | 25.05 | NOTE | |
r-release-macos-arm64 | 1.0.0 | 20.00 | OK | |||
r-release-macos-x86_64 | 1.0.0 | 33.00 | OK | |||
r-release-windows-x86_64 | 1.0.0 | 3.00 | 53.00 | 56.00 | OK | |
r-oldrel-macos-arm64 | 1.0.0 | 17.00 | NOTE | |||
r-oldrel-macos-x86_64 | 1.0.0 | 23.00 | NOTE | |||
r-oldrel-windows-x86_64 | 1.0.0 | 2.00 | 41.00 | 43.00 | NOTE |
Version: 1.0.0
Check: CRAN incoming feasibility
Result: NOTE
Maintainer: ‘Jean Morrison <jeanm@uchicago.edu>’
No Authors@R field in DESCRIPTION.
Please add one, modifying
Authors@R: person(given = "Jean",
family = "Morrison",
role = c("aut", "cre"),
email = "jeanm@uchicago.edu")
as necessary.
The Description field contains
<arXiv:1702.06986>.
Please refer to arXiv e-prints via their arXiv DOI <doi:10.48550/arXiv.YYMM.NNNNN>.
Flavors: r-devel-linux-x86_64-debian-clang, r-devel-linux-x86_64-debian-gcc
Version: 1.0.0
Check: examples
Result: NOTE
Examples with CPU (user + system) or elapsed time > 5s
user system elapsed
nonpar_bs_ci 6.175 0.011 7.256
Flavor: r-devel-linux-x86_64-debian-clang
Version: 1.0.0
Check: for non-standard things in the check directory
Result: NOTE
Found the following files/directories:
‘temp.RData’
Flavors: r-devel-linux-x86_64-debian-clang, r-devel-linux-x86_64-debian-gcc, r-devel-linux-x86_64-fedora-clang, r-devel-linux-x86_64-fedora-gcc, r-patched-linux-x86_64, r-release-linux-x86_64
Version: 1.0.0
Check: examples
Result: NOTE
Examples with CPU (user + system) or elapsed time > 5s
user system elapsed
nonpar_bs_ci 3.924 0.112 5.091
Flavor: r-devel-linux-x86_64-debian-gcc
Version: 1.0.0
Check: LazyData
Result: NOTE
'LazyData' is specified without a 'data' directory
Flavors: r-oldrel-macos-arm64, r-oldrel-macos-x86_64, r-oldrel-windows-x86_64